CRAN Package Check Results for Package spatstat

Last updated on 2020-06-07 01:48:26 CEST.

Flavor Version Tinstall Tcheck Ttotal Status Flags
r-devel-linux-x86_64-debian-clang 1.64-1 180.61 1026.36 1206.97 OK --no-tests
r-devel-linux-x86_64-debian-gcc 1.64-1 144.32 745.27 889.59 OK --no-tests
r-devel-linux-x86_64-fedora-clang 1.64-1 2050.82 NOTE
r-devel-linux-x86_64-fedora-gcc 1.64-1 1950.08 OK
r-devel-windows-ix86+x86_64 1.64-1 326.00 488.00 814.00 NOTE --no-examples --no-tests --no-vignettes
r-patched-linux-x86_64 1.64-1 151.49 1020.48 1171.97 OK --no-tests
r-patched-solaris-x86 1.64-1 2616.10 NOTE
r-release-linux-x86_64 1.64-1 157.63 1010.83 1168.46 OK --no-tests
r-release-osx-x86_64 1.64-1 NOTE
r-release-windows-ix86+x86_64 1.64-1 401.00 628.00 1029.00 NOTE --no-examples --no-tests --no-vignettes
r-oldrel-osx-x86_64 1.64-1 NOTE
r-oldrel-windows-ix86+x86_64 1.64-1 394.00 411.00 805.00 NOTE --no-examples --no-tests --no-vignettes

Check Details

Version: 1.64-1
Check: installed package size
Result: NOTE
     installed size is 19.9Mb
     sub-directories of 1Mb or more:
     R 5.3Mb
     doc 6.1Mb
     help 5.3Mb
     libs 2.2Mb
Flavors: r-devel-linux-x86_64-fedora-clang, r-patched-solaris-x86, r-release-osx-x86_64, r-oldrel-osx-x86_64

Version: 1.64-1
Flags: --no-examples --no-tests --no-vignettes
Check: installed package size
Result: NOTE
     installed size is 18.9Mb
     sub-directories of 1Mb or more:
     R 5.3Mb
     doc 6.0Mb
     help 5.3Mb
     libs 1.3Mb
Flavors: r-devel-windows-ix86+x86_64, r-release-windows-ix86+x86_64, r-oldrel-windows-ix86+x86_64

Version: 1.64-1
Check: dependencies in R code
Result: NOTE
    No protocol specified
    No protocol specified
Flavor: r-oldrel-osx-x86_64