Last updated on 2023-01-30 01:53:46 CET.
Flavor | Version | Tinstall | Tcheck | Ttotal | Status | Flags |
---|---|---|---|---|---|---|
r-devel-linux-x86_64-debian-clang | 5.0-1 | 12.58 | 175.68 | 188.26 | NOTE | |
r-devel-linux-x86_64-debian-gcc | 5.0-1 | 12.24 | 129.75 | 141.99 | NOTE | |
r-devel-linux-x86_64-fedora-clang | 5.0-1 | 230.55 | NOTE | |||
r-devel-linux-x86_64-fedora-gcc | 5.0-1 | 253.41 | NOTE | |||
r-devel-windows-x86_64 | 5.0-1 | 113.00 | 219.00 | 332.00 | NOTE | |
r-patched-linux-x86_64 | 5.0-1 | 15.00 | 170.82 | 185.82 | NOTE | |
r-release-linux-x86_64 | 5.0-1 | 9.95 | 166.71 | 176.66 | NOTE | |
r-release-macos-arm64 | 5.0-1 | 66.00 | NOTE | |||
r-release-macos-x86_64 | 5.0-1 | 101.00 | NOTE | |||
r-release-windows-x86_64 | 5.0-1 | 70.00 | 227.00 | 297.00 | NOTE | |
r-oldrel-macos-arm64 | 5.0-1 | 69.00 | NOTE | |||
r-oldrel-macos-x86_64 | 5.0-1 | 97.00 | NOTE | |||
r-oldrel-windows-ix86+x86_64 | 5.0-1 | 29.00 | 210.00 | 239.00 | NOTE |
Version: 5.0-1
Check: package dependencies
Result: NOTE
Depends: includes the non-default packages:
'spatstat.data', 'spatstat.sparse', 'spatstat.geom',
'spatstat.random', 'spatstat.explore', 'spatstat.model', 'spatstat'
Adding so many packages to the search path is excessive and importing
selectively is preferable.
Flavors: r-devel-linux-x86_64-debian-clang, r-devel-linux-x86_64-debian-gcc, r-devel-linux-x86_64-fedora-clang, r-devel-linux-x86_64-fedora-gcc, r-devel-windows-x86_64, r-patched-linux-x86_64, r-release-linux-x86_64, r-release-macos-arm64, r-release-macos-x86_64, r-release-windows-x86_64, r-oldrel-macos-arm64, r-oldrel-macos-x86_64, r-oldrel-windows-ix86+x86_64