CRAN Package Check Results for Package spatstat.utils

Last updated on 2023-01-27 00:51:16 CET.

Flavor Version Tinstall Tcheck Ttotal Status Flags
r-devel-linux-x86_64-debian-clang 3.0-1 9.30 51.18 60.48 OK
r-devel-linux-x86_64-debian-gcc 3.0-1 5.90 38.58 44.48 OK
r-devel-linux-x86_64-fedora-clang 3.0-1 74.05 OK
r-devel-linux-x86_64-fedora-gcc 3.0-1 74.78 OK
r-patched-linux-x86_64 3.0-1 8.68 48.16 56.84 OK
r-release-linux-x86_64 3.0-1 7.87 48.85 56.72 OK
r-release-macos-arm64 3.0-1 44.00 NOTE
r-release-macos-x86_64 3.0-1 65.00 NOTE
r-release-windows-x86_64 3.0-1 151.00 89.00 240.00 OK
r-oldrel-macos-arm64 3.0-1 45.00 NOTE
r-oldrel-macos-x86_64 3.0-1 67.00 NOTE
r-oldrel-windows-ix86+x86_64 3.0-1 27.00 89.00 116.00 OK

Check Details

Version: 3.0-1
Check: package dependencies
Result: NOTE
    Package suggested but not available for checking: ‘spatstat.model’
Flavors: r-release-macos-arm64, r-release-macos-x86_64, r-oldrel-macos-arm64, r-oldrel-macos-x86_64

Version: 3.0-1
Check: Rd cross-references
Result: NOTE
    Package unavailable to check Rd xrefs: ‘spatstat.model’
Flavors: r-release-macos-arm64, r-release-macos-x86_64, r-oldrel-macos-arm64, r-oldrel-macos-x86_64