CRAN Package Check Results for Package specklestar

Last updated on 2020-08-12 01:47:15 CEST.

Flavor Version Tinstall Tcheck Ttotal Status Flags
r-devel-linux-x86_64-debian-clang 0.0.1.7 55.10 29.28 84.38 OK
r-devel-linux-x86_64-debian-gcc 0.0.1.7 35.13 23.37 58.50 NOTE
r-devel-linux-x86_64-fedora-clang 0.0.1.7 125.98 OK
r-devel-linux-x86_64-fedora-gcc 0.0.1.7 99.51 OK
r-devel-windows-ix86+x86_64 0.0.1.7 137.00 85.00 222.00 NOTE
r-patched-linux-x86_64 0.0.1.7 37.41 29.04 66.45 OK
r-patched-solaris-x86 0.0.1.7 140.70 OK
r-release-linux-x86_64 0.0.1.7 37.78 29.42 67.20 NOTE
r-release-macos-x86_64 0.0.1.7 OK
r-release-windows-ix86+x86_64 0.0.1.7 142.00 64.00 206.00 NOTE
r-oldrel-macos-x86_64 0.0.1.7 OK
r-oldrel-windows-ix86+x86_64 0.0.1.7 96.00 75.00 171.00 OK

Check Details

Version: 0.0.1.7
Check: package dependencies
Result: NOTE
    Package suggested but not available for checking: ‘tidyverse’
Flavors: r-devel-linux-x86_64-debian-gcc, r-release-linux-x86_64

Version: 0.0.1.7
Check: installed package size
Result: NOTE
     installed size is 5.4Mb
     sub-directories of 1Mb or more:
     libs 3.7Mb
Flavors: r-devel-windows-ix86+x86_64, r-release-windows-ix86+x86_64