CRAN Package Check Results for Package specmine

Last updated on 2021-06-12 02:49:33 CEST.

Flavor Version Tinstall Tcheck Ttotal Status Flags
r-devel-linux-x86_64-debian-clang 3.1.5 83.53 233.44 316.97 NOTE
r-devel-linux-x86_64-debian-gcc 3.1.5 79.59 176.91 256.50 NOTE
r-devel-linux-x86_64-fedora-clang 3.1.5 311.63 NOTE
r-devel-linux-x86_64-fedora-gcc 3.1.5 419.39 NOTE
r-devel-windows-x86_64 3.1.5 142.00 328.00 470.00 NOTE
r-devel-windows-x86_64-gcc10-UCRT 3.1.5 ERROR
r-patched-linux-x86_64 3.1.5 89.38 221.31 310.69 NOTE
r-release-linux-x86_64 3.1.5 87.20 221.35 308.55 NOTE
r-release-macos-arm64 3.1.5 ERROR
r-release-macos-x86_64 3.1.5 NOTE
r-release-windows-ix86+x86_64 3.1.5 166.00 314.00 480.00 NOTE
r-oldrel-macos-x86_64 3.1.5 NOTE
r-oldrel-windows-ix86+x86_64 3.1.5 163.00 324.00 487.00 NOTE

Check Details

Version: 3.1.5
Check: package dependencies
Result: NOTE
    Package suggested but not available for checking: 'rcytoscapejs'
Flavors: r-devel-linux-x86_64-debian-clang, r-devel-linux-x86_64-debian-gcc, r-devel-windows-x86_64, r-patched-linux-x86_64, r-release-linux-x86_64, r-release-windows-ix86+x86_64, r-oldrel-windows-ix86+x86_64

Version: 3.1.5
Check: package dependencies
Result: NOTE
    Packages suggested but not available for checking: 'MAIT', 'rcytoscapejs'
    
    Imports includes 21 non-default packages.
    Importing from so many packages makes the package vulnerable to any of
    them becoming unavailable. Move as many as possible to Suggests and
    use conditionally.
Flavor: r-devel-linux-x86_64-fedora-clang

Version: 3.1.5
Check: dependencies in R code
Result: NOTE
    Namespaces in Imports field not imported from:
     ‘e1071’ ‘specmine.datasets’
     All declared Imports should be used.
Flavors: r-devel-linux-x86_64-fedora-clang, r-devel-linux-x86_64-fedora-gcc, r-release-macos-x86_64, r-oldrel-macos-x86_64

Version: 3.1.5
Check: Rd cross-references
Result: NOTE
    Undeclared package ‘hyperSpec’ in Rd xrefs
Flavor: r-devel-linux-x86_64-fedora-clang

Version: 3.1.5
Check: package dependencies
Result: NOTE
    Packages suggested but not available for checking: 'MAIT', 'rcytoscapejs'
Flavor: r-devel-linux-x86_64-fedora-gcc

Version: 3.1.5
Check: package dependencies
Result: ERROR
    Package required but not available: 'specmine.datasets'
    
    Packages suggested but not available for checking:
     'MAIT', 'xcms', 'rcytoscapejs'
    
    See section 'The DESCRIPTION file' in the 'Writing R Extensions'
    manual.
Flavor: r-devel-windows-x86_64-gcc10-UCRT

Version: 3.1.5
Check: package dependencies
Result: ERROR
    Packages required but not available:
     'speaq', 'genefilter', 'specmine.datasets'
    
    Packages suggested but not available for checking:
     'MAIT', 'xcms', 'KEGGgraph', 'rcytoscapejs'
    
    See section ‘The DESCRIPTION file’ in the ‘Writing R Extensions’
    manual.
Flavor: r-release-macos-arm64

Version: 3.1.5
Check: package dependencies
Result: NOTE
    Packages suggested but not available for checking:
     'MAIT', 'KEGGgraph', 'rcytoscapejs'
Flavor: r-release-macos-x86_64

Version: 3.1.5
Check: package dependencies
Result: NOTE
    Packages suggested but not available for checking:
     'MAIT', 'KEGGgraph', 'KEGGREST', 'rcytoscapejs'
Flavor: r-oldrel-macos-x86_64