CRAN Package Check Results for Package spectrino

Last updated on 2021-09-26 01:50:07 CEST.

Flavor Version Tinstall Tcheck Ttotal Status Flags
r-devel-windows-x86_64 2.0.0 5.00 43.00 48.00 NOTE
r-devel-windows-x86_64-gcc10-UCRT 2.0.0 NOTE
r-release-macos-arm64 2.0.0 NOTE
r-release-windows-ix86+x86_64 2.0.0 9.00 42.00 51.00 NOTE
r-oldrel-windows-ix86+x86_64 2.0.0 5.00 39.00 44.00 OK

Check Details

Version: 2.0.0
Check: LazyData
Result: NOTE
     'LazyData' is specified without a 'data' directory
Flavors: r-devel-windows-x86_64, r-devel-windows-x86_64-gcc10-UCRT, r-release-macos-arm64, r-release-windows-ix86+x86_64