CRAN Package Check Results for Package sperrorest

Last updated on 2024-07-22 07:52:29 CEST.

Flavor Version Tinstall Tcheck Ttotal Status Flags
r-devel-linux-x86_64-debian-clang 3.0.5 7.89 159.60 167.49 NOTE --no-vignettes
r-devel-linux-x86_64-debian-gcc 3.0.5 6.52 112.93 119.45 NOTE --no-vignettes
r-devel-linux-x86_64-fedora-clang 3.0.5 549.65 NOTE
r-devel-linux-x86_64-fedora-gcc 3.0.5 561.41 NOTE
r-devel-windows-x86_64 3.0.5 11.00 227.00 238.00 NOTE
r-patched-linux-x86_64 3.0.5 9.81 152.00 161.81 NOTE --no-vignettes
r-release-linux-x86_64 3.0.5 6.92 155.97 162.89 NOTE --no-vignettes
r-release-macos-arm64 3.0.5 115.00 NOTE
r-release-macos-x86_64 3.0.5 202.00 NOTE
r-release-windows-x86_64 3.0.5 9.00 220.00 229.00 NOTE
r-oldrel-macos-arm64 3.0.5 118.00 OK
r-oldrel-macos-x86_64 3.0.5 198.00 OK
r-oldrel-windows-x86_64 3.0.5 11.00 284.00 295.00 OK

Check Details

Version: 3.0.5
Flags: --no-vignettes
Check: Rd files
Result: NOTE checkRd: (-1) partition_cv.Rd:36: Lost braces; missing escapes or markup? 36 | if \code{TRUE} (used internally by other {sperrorest} functions), return a | ^ checkRd: (-1) partition_cv_strat.Rd:28: Lost braces; missing escapes or markup? 28 | if \code{TRUE} (used internally by other {sperrorest} functions), return a | ^ checkRd: (-1) partition_factor.Rd:28: Lost braces; missing escapes or markup? 28 | if \code{TRUE} (used internally by other {sperrorest} functions), return a | ^ checkRd: (-1) partition_factor_cv.Rd:43: Lost braces; missing escapes or markup? 43 | if \code{TRUE} (used internally by other {sperrorest} functions), return a | ^ checkRd: (-1) partition_kmeans.Rd:41: Lost braces; missing escapes or markup? 41 | if \code{TRUE} (used internally by other {sperrorest} functions), return a | ^ checkRd: (-1) partition_tiles.Rd:78: Lost braces; missing escapes or markup? 78 | if \code{TRUE} (used internally by other {sperrorest} functions), return a | ^ checkRd: (-1) sperrorest.Rd:55: Lost braces; missing escapes or markup? 55 | \code{formula} and \code{data} argument, which are provided by {sperrorest})} | ^ checkRd: (-1) sperrorest.Rd:63: Lost braces; missing escapes or markup? 63 | {sperrorest}).} | ^ checkRd: (-1) sperrorest.Rd:135: Lost braces; missing escapes or markup? 135 | A list (object of class {sperrorest}) with (up to) six components: | ^ checkRd: (-1) sperrorest.Rd:148: Lost braces; missing escapes or markup? 148 | information about the {sperrorest} package version | ^ checkRd: (-1) summary.sperroresterror.Rd:5: Lost braces; missing escapes or markup? 5 | \title{Summarize error statistics obtained by {sperrorest}} | ^ checkRd: (-1) summary.sperrorestimportance.Rd:5: Lost braces; missing escapes or markup? 5 | \title{Summarize variable importance statistics obtained by {sperrorest}} | ^ Flavors: r-devel-linux-x86_64-debian-clang, r-devel-linux-x86_64-debian-gcc, r-patched-linux-x86_64, r-release-linux-x86_64

Version: 3.0.5
Check: Rd files
Result: NOTE checkRd: (-1) partition_cv.Rd:36: Lost braces; missing escapes or markup? 36 | if \code{TRUE} (used internally by other {sperrorest} functions), return a | ^ checkRd: (-1) partition_cv_strat.Rd:28: Lost braces; missing escapes or markup? 28 | if \code{TRUE} (used internally by other {sperrorest} functions), return a | ^ checkRd: (-1) partition_factor.Rd:28: Lost braces; missing escapes or markup? 28 | if \code{TRUE} (used internally by other {sperrorest} functions), return a | ^ checkRd: (-1) partition_factor_cv.Rd:43: Lost braces; missing escapes or markup? 43 | if \code{TRUE} (used internally by other {sperrorest} functions), return a | ^ checkRd: (-1) partition_kmeans.Rd:41: Lost braces; missing escapes or markup? 41 | if \code{TRUE} (used internally by other {sperrorest} functions), return a | ^ checkRd: (-1) partition_tiles.Rd:78: Lost braces; missing escapes or markup? 78 | if \code{TRUE} (used internally by other {sperrorest} functions), return a | ^ checkRd: (-1) sperrorest.Rd:55: Lost braces; missing escapes or markup? 55 | \code{formula} and \code{data} argument, which are provided by {sperrorest})} | ^ checkRd: (-1) sperrorest.Rd:63: Lost braces; missing escapes or markup? 63 | {sperrorest}).} | ^ checkRd: (-1) sperrorest.Rd:135: Lost braces; missing escapes or markup? 135 | A list (object of class {sperrorest}) with (up to) six components: | ^ checkRd: (-1) sperrorest.Rd:148: Lost braces; missing escapes or markup? 148 | information about the {sperrorest} package version | ^ checkRd: (-1) summary.sperroresterror.Rd:5: Lost braces; missing escapes or markup? 5 | \title{Summarize error statistics obtained by {sperrorest}} | ^ checkRd: (-1) summary.sperrorestimportance.Rd:5: Lost braces; missing escapes or markup? 5 | \title{Summarize variable importance statistics obtained by {sperrorest}} | ^ Flavors: r-devel-linux-x86_64-fedora-clang, r-devel-linux-x86_64-fedora-gcc, r-devel-windows-x86_64, r-release-macos-arm64, r-release-macos-x86_64, r-release-windows-x86_64