CRAN Package Check Results for Package spex

Last updated on 2021-09-23 01:50:00 CEST.

Flavor Version Tinstall Tcheck Ttotal Status Flags
r-devel-linux-x86_64-debian-clang 0.7.1 10.24 97.79 108.03 OK
r-devel-linux-x86_64-debian-gcc 0.7.1 7.21 73.56 80.77 OK
r-devel-linux-x86_64-fedora-clang 0.7.1 130.46 OK
r-devel-linux-x86_64-fedora-gcc 0.7.1 122.63 OK
r-devel-windows-x86_64 0.7.1 11.00 91.00 102.00 OK
r-devel-windows-x86_64-gcc10-UCRT 0.7.1 ERROR
r-patched-linux-x86_64 0.7.1 9.07 91.09 100.16 OK
r-patched-solaris-x86 0.7.1 177.40 OK
r-release-linux-x86_64 0.7.1 9.95 91.27 101.22 OK
r-release-macos-arm64 0.7.1 OK
r-release-macos-x86_64 0.7.1 OK
r-release-windows-ix86+x86_64 0.7.1 22.00 86.00 108.00 OK
r-oldrel-macos-x86_64 0.7.1 OK
r-oldrel-windows-ix86+x86_64 0.7.1 13.00 84.00 97.00 OK

Check Details

Version: 0.7.1
Check: package dependencies
Result: ERROR
    Package required but not available: 'quadmesh'
    
    See section 'The DESCRIPTION file' in the 'Writing R Extensions'
    manual.
Flavor: r-devel-windows-x86_64-gcc10-UCRT