CRAN Package Check Results for Package spinifex

Last updated on 2020-05-30 02:02:46 CEST.

Flavor Version Tinstall Tcheck Ttotal Status Flags
r-devel-linux-x86_64-debian-clang 0.1.0 2.71 40.07 42.78 OK
r-devel-linux-x86_64-debian-gcc 0.1.0 2.23 30.14 32.37 OK
r-devel-linux-x86_64-fedora-clang 0.1.0 52.04 NOTE
r-devel-linux-x86_64-fedora-gcc 0.1.0 44.88 WARN
r-devel-windows-ix86+x86_64 0.1.0 11.00 109.00 120.00 OK
r-patched-linux-x86_64 0.1.0 2.56 38.69 41.25 OK
r-patched-solaris-x86 0.1.0 73.30 NOTE
r-release-linux-x86_64 0.1.0 2.83 39.03 41.86 OK
r-release-osx-x86_64 0.1.0 NOTE
r-release-windows-ix86+x86_64 0.1.0 8.00 140.00 148.00 OK
r-oldrel-osx-x86_64 0.1.0 NOTE
r-oldrel-windows-ix86+x86_64 0.1.0 5.00 54.00 59.00 OK

Check Details

Version: 0.1.0
Check: dependencies in R code
Result: NOTE
    Namespaces in Imports field not imported from:
     ‘GGally’ ‘tibble’ ‘webshot’
     All declared Imports should be used.
Flavors: r-devel-linux-x86_64-fedora-clang, r-devel-linux-x86_64-fedora-gcc, r-patched-solaris-x86, r-release-osx-x86_64, r-oldrel-osx-x86_64

Version: 0.1.0
Check: re-building of vignette outputs
Result: WARN
    Error(s) in re-building vignettes:
    --- re-building ‘spinifex_vignette.Rmd’ using rmarkdown
    Using width 2.38
    New names:
    * X1 -> X1...1
    * X2 -> X2...2
    * X3 -> X3...3
    * X1 -> X1...4
    * X2 -> X2...5
    * ...
    Quitting from lines 129-139 (spinifex_vignette.Rmd)
    Error: processing vignette 'spinifex_vignette.Rmd' failed with diagnostics:
    Can't subset columns that don't exist.
    ✖ Column `X3` doesn't exist.
    --- failed re-building ‘spinifex_vignette.Rmd’
    
    SUMMARY: processing the following file failed:
     ‘spinifex_vignette.Rmd’
    
    Error: Vignette re-building failed.
    Execution halted
Flavor: r-devel-linux-x86_64-fedora-gcc

Version: 0.1.0
Check: package dependencies
Result: NOTE
    Package suggested but not available for checking: ‘gifski’
Flavor: r-patched-solaris-x86