CRAN Package Check Results for Package spinifex

Last updated on 2019-10-18 02:47:56 CEST.

Flavor Version Tinstall Tcheck Ttotal Status Flags
r-devel-linux-x86_64-debian-clang 0.1.0 2.64 36.96 39.60 OK
r-devel-linux-x86_64-debian-gcc 0.1.0 2.10 28.57 30.67 OK
r-devel-linux-x86_64-fedora-clang 0.1.0 52.14 NOTE
r-devel-linux-x86_64-fedora-gcc 0.1.0 46.01 NOTE
r-devel-windows-ix86+x86_64 0.1.0 13.00 51.00 64.00 OK
r-patched-linux-x86_64 0.1.0 2.25 35.88 38.13 OK
r-patched-solaris-x86 0.1.0 70.60 NOTE
r-release-linux-x86_64 0.1.0 2.13 35.90 38.03 OK
r-release-windows-ix86+x86_64 0.1.0 6.00 92.00 98.00 OK
r-release-osx-x86_64 0.1.0 NOTE
r-oldrel-windows-ix86+x86_64 0.1.0 4.00 49.00 53.00 OK
r-oldrel-osx-x86_64 0.1.0 NOTE

Check Details

Version: 0.1.0
Check: dependencies in R code
Result: NOTE
    Namespaces in Imports field not imported from:
     ‘GGally’ ‘tibble’ ‘webshot’
     All declared Imports should be used.
Flavors: r-devel-linux-x86_64-fedora-clang, r-devel-linux-x86_64-fedora-gcc, r-patched-solaris-x86, r-release-osx-x86_64, r-oldrel-osx-x86_64

Version: 0.1.0
Check: package dependencies
Result: NOTE
    Package suggested but not available for checking: ‘gifski’
Flavor: r-patched-solaris-x86