CRAN Package Check Results for Package splithalfr

Last updated on 2024-04-24 07:57:55 CEST.

Flavor Version Tinstall Tcheck Ttotal Status Flags
r-devel-linux-x86_64-debian-clang 2.2.2 5.94 83.95 89.89 NOTE
r-devel-linux-x86_64-debian-gcc 2.2.2 5.23 63.77 69.00 NOTE
r-devel-linux-x86_64-fedora-clang 2.2.2 116.41 NOTE
r-devel-linux-x86_64-fedora-gcc 2.2.2 122.19 NOTE
r-prerel-macos-arm64 2.2.2 54.00 NOTE
r-prerel-windows-x86_64 2.2.2 9.00 92.00 101.00 NOTE
r-patched-linux-x86_64 2.2.2 6.40 79.83 86.23 NOTE
r-release-linux-x86_64 2.2.2 5.83 82.12 87.95 OK
r-release-macos-arm64 2.2.2 90.00 OK
r-release-macos-x86_64 2.2.2 117.00 OK
r-release-windows-x86_64 2.2.2 12.00 105.00 117.00 OK
r-oldrel-macos-arm64 2.2.2 40.00 OK
r-oldrel-windows-x86_64 2.2.2 12.00 106.00 118.00 OK

Check Details

Version: 2.2.2
Check: Rd files
Result: NOTE checkRd: (-1) ds_aat.Rd:16: Lost braces 16 | \doi{10.1111/add.14071}{Boffo et al., 2018}. Participants were presented stimuli from a "test" | ^ checkRd: (-1) ds_gng.Rd:16: Lost braces 16 | described in detail in \doi{10.1016/j.tate.2019.102887}{Hedge, Powell, and Sumner (2018)}. | ^ checkRd: (-1) ds_iat.Rd:19: Lost braces 19 | \doi{10.1016/j.tate.2019.102887}{Abacioglu and colleagues (2019)}. | ^ checkRd: (-1) ds_rapi.Rd:15: Lost braces 15 | problems within the last year (\doi{https://doi.org/10.15288/jsa.1989.50.30}{White & Labouvie, 1989}). | ^ checkRd: (-1) ds_sst.Rd:17: Lost braces 17 | described in detail in \doi{10.1016/j.tate.2019.102887}{Hedge, Powell, and Sumner (2018)}. | ^ checkRd: (-1) ds_vpt.Rd:22: Lost braces 22 | \doi{10.1111/acer.12853}{(Pronk, Deursen, Beraha, Larsen, & Wiers, 2015)}. | ^ checkRd: (-1) splithalfr.Rd:15: Lost braces 15 | \item \code{vignette("rapi_sum")} Sum-score for data of the 23-item version of the Rutgers Alcohol Problem Index (\doi{https://doi.org/10.15288/jsa.1989.50.30}{White & Labouvie, 1989}) | ^ Flavors: r-devel-linux-x86_64-debian-clang, r-devel-linux-x86_64-debian-gcc, r-devel-linux-x86_64-fedora-clang, r-devel-linux-x86_64-fedora-gcc, r-prerel-macos-arm64, r-prerel-windows-x86_64, r-patched-linux-x86_64