CRAN Package Check Results for Package splitstackshape

Last updated on 2023-06-06 08:02:14 CEST.

Flavor Version Tinstall Tcheck Ttotal Status Flags
r-devel-linux-x86_64-debian-clang 1.4.8 4.02 38.98 43.00 NOTE
r-devel-linux-x86_64-debian-gcc 1.4.8 2.55 29.17 31.72 NOTE
r-devel-linux-x86_64-fedora-clang 1.4.8 55.98 NOTE
r-devel-linux-x86_64-fedora-gcc 1.4.8 48.23 NOTE
r-devel-windows-x86_64 1.4.8 11.00 54.00 65.00 NOTE
r-patched-linux-x86_64 1.4.8 4.29 35.78 40.07 NOTE
r-release-linux-x86_64 1.4.8 3.02 36.23 39.25 NOTE
r-release-macos-arm64 1.4.8 19.00 NOTE
r-release-macos-x86_64 1.4.8 29.00 NOTE
r-release-windows-x86_64 1.4.8 5.00 58.00 63.00 NOTE
r-oldrel-macos-arm64 1.4.8 18.00 OK
r-oldrel-macos-x86_64 1.4.8 29.00 OK
r-oldrel-windows-x86_64 1.4.8 8.00 56.00 64.00 OK

Check Details

Version: 1.4.8
Check: package subdirectories
Result: NOTE
    Problems with news in ‘NEWS.md’:
     Cannot extract version info from the following section titles:
     Feature Changes
Flavors: r-devel-linux-x86_64-debian-clang, r-devel-linux-x86_64-debian-gcc, r-devel-linux-x86_64-fedora-clang, r-devel-linux-x86_64-fedora-gcc, r-devel-windows-x86_64, r-patched-linux-x86_64, r-release-linux-x86_64, r-release-macos-arm64, r-release-macos-x86_64, r-release-windows-x86_64

Version: 1.4.8
Check: Rd cross-references
Result: NOTE
    Undeclared packages ‘reshape2’, ‘sampling’, ‘dplyr’ in Rd xrefs
Flavor: r-devel-linux-x86_64-fedora-clang