CRAN Package Check Results for Package splitstackshape

Last updated on 2022-12-06 00:51:22 CET.

Flavor Version Tinstall Tcheck Ttotal Status Flags
r-devel-linux-x86_64-debian-clang 1.4.8 3.48 41.05 44.53 NOTE
r-devel-linux-x86_64-debian-gcc 1.4.8 2.83 30.00 32.83 NOTE
r-devel-linux-x86_64-fedora-clang 1.4.8 63.48 NOTE
r-devel-linux-x86_64-fedora-gcc 1.4.8 61.20 NOTE
r-devel-windows-x86_64 1.4.8 70.00 70.00 140.00 NOTE
r-patched-linux-x86_64 1.4.8 3.80 35.38 39.18 OK
r-release-linux-x86_64 1.4.8 3.24 36.47 39.71 OK
r-release-macos-arm64 1.4.8 19.00 OK
r-release-macos-x86_64 1.4.8 29.00 OK
r-release-windows-x86_64 1.4.8 39.00 68.00 107.00 OK
r-oldrel-macos-arm64 1.4.8 22.00 OK
r-oldrel-macos-x86_64 1.4.8 40.00 OK
r-oldrel-windows-ix86+x86_64 1.4.8 8.00 62.00 70.00 OK

Check Details

Version: 1.4.8
Check: package subdirectories
Result: NOTE
    Problems with news in 'NEWS.md':
     Cannot extract version info from the following section titles:
     Feature Changes
Flavors: r-devel-linux-x86_64-debian-clang, r-devel-linux-x86_64-debian-gcc, r-devel-linux-x86_64-fedora-clang, r-devel-linux-x86_64-fedora-gcc, r-devel-windows-x86_64

Version: 1.4.8
Check: Rd cross-references
Result: NOTE
    Undeclared packages ‘reshape2’, ‘sampling’, ‘dplyr’ in Rd xrefs
Flavor: r-devel-linux-x86_64-fedora-clang