Last updated on 2023-12-04 07:51:23 CET.
Flavor | Version | Tinstall | Tcheck | Ttotal | Status | Flags |
---|---|---|---|---|---|---|
r-devel-linux-x86_64-debian-clang | 1.1.3 | 54.47 | 106.29 | 160.76 | NOTE | |
r-devel-linux-x86_64-debian-gcc | 1.1.3 | 36.57 | 79.43 | 116.00 | NOTE | |
r-devel-linux-x86_64-fedora-clang | 1.1.3 | 209.11 | NOTE | |||
r-devel-linux-x86_64-fedora-gcc | 1.1.3 | 202.49 | NOTE | |||
r-devel-windows-x86_64 | 1.1.3 | 42.00 | 115.00 | 157.00 | NOTE | |
r-patched-linux-x86_64 | 1.1.3 | 43.90 | 101.47 | 145.37 | NOTE | |
r-release-linux-x86_64 | 1.1.3 | 45.71 | 103.26 | 148.97 | NOTE | |
r-release-macos-arm64 | 1.1.3 | 71.00 | NOTE | |||
r-release-macos-x86_64 | 1.1.3 | 101.00 | NOTE | |||
r-release-windows-x86_64 | 1.1.3 | 52.00 | 136.00 | 188.00 | NOTE | |
r-oldrel-macos-arm64 | 1.1.3 | 68.00 | OK | |||
r-oldrel-macos-x86_64 | 1.1.3 | 120.00 | OK | |||
r-oldrel-windows-x86_64 | 1.1.3 | 52.00 | 137.00 | 189.00 | OK |
Version: 1.1.3
Check: C++ specification
Result: NOTE
Specified C++11: please drop specification unless essential
Flavors: r-devel-linux-x86_64-debian-clang, r-devel-linux-x86_64-debian-gcc, r-devel-linux-x86_64-fedora-clang, r-devel-linux-x86_64-fedora-gcc, r-devel-windows-x86_64, r-patched-linux-x86_64, r-release-linux-x86_64, r-release-macos-arm64, r-release-macos-x86_64, r-release-windows-x86_64