Last updated on 2023-12-04 07:51:23 CET.
Flavor | Version | Tinstall | Tcheck | Ttotal | Status | Flags |
---|---|---|---|---|---|---|
r-devel-linux-x86_64-debian-clang | 0.5.0 | 43.27 | 414.08 | 457.35 | OK | |
r-devel-linux-x86_64-debian-gcc | 0.5.0 | 34.05 | 302.95 | 337.00 | OK | |
r-devel-linux-x86_64-fedora-clang | 0.5.0 | 555.04 | OK | |||
r-devel-linux-x86_64-fedora-gcc | 0.5.0 | 543.85 | OK | |||
r-devel-windows-x86_64 | 0.5.0 | 33.00 | 273.00 | 306.00 | OK | |
r-patched-linux-x86_64 | 0.5.0 | 37.75 | 392.14 | 429.89 | OK | |
r-release-linux-x86_64 | 0.5.0 | 40.83 | 394.48 | 435.31 | OK | |
r-release-macos-arm64 | 0.5.0 | 137.00 | OK | |||
r-release-macos-x86_64 | 0.5.0 | 367.00 | OK | |||
r-release-windows-x86_64 | 0.5.0 | 45.00 | 377.00 | 422.00 | OK | |
r-oldrel-macos-arm64 | 0.5.0 | 158.00 | OK | |||
r-oldrel-macos-x86_64 | 0.4.0 | 251.00 | NOTE | |||
r-oldrel-windows-x86_64 | 0.5.0 | 48.00 | 369.00 | 417.00 | OK |
Version: 0.4.0
Check: installed package size
Result: NOTE
installed size is 5.4Mb
sub-directories of 1Mb or more:
R 1.1Mb
doc 3.0Mb
Flavor: r-oldrel-macos-x86_64