CRAN Package Check Results for Package sport

Last updated on 2020-02-19 01:49:47 CET.

Flavor Version Tinstall Tcheck Ttotal Status Flags
r-devel-linux-x86_64-debian-clang 0.2.0 28.04 92.00 120.04 OK
r-devel-linux-x86_64-debian-gcc 0.2.0 22.82 68.93 91.75 OK
r-devel-linux-x86_64-fedora-clang 0.2.0 146.81 NOTE
r-devel-linux-x86_64-fedora-gcc 0.2.0 144.42 NOTE
r-devel-windows-ix86+x86_64 0.2.0 52.00 155.00 207.00 OK
r-devel-windows-ix86+x86_64-gcc8 0.2.0 72.00 157.00 229.00 OK
r-patched-linux-x86_64 0.2.0 24.37 78.54 102.91 OK
r-patched-solaris-x86 0.2.0 155.20 NOTE
r-release-linux-x86_64 0.2.0 28.37 78.11 106.48 OK
r-release-windows-ix86+x86_64 0.2.0 48.00 151.00 199.00 OK
r-release-osx-x86_64 0.2.0 NOTE
r-oldrel-windows-ix86+x86_64 0.2.0 49.00 137.00 186.00 OK
r-oldrel-osx-x86_64 0.2.0 NOTE

Check Details

Version: 0.2.0
Check: data for non-ASCII characters
Result: NOTE
     Note: found 7587 marked UTF-8 strings
Flavors: r-devel-linux-x86_64-fedora-clang, r-devel-linux-x86_64-fedora-gcc, r-patched-solaris-x86, r-release-osx-x86_64, r-oldrel-osx-x86_64