CRAN Package Check Results for Package sport

Last updated on 2020-08-13 01:55:22 CEST.

Flavor Version Tinstall Tcheck Ttotal Status Flags
r-devel-linux-x86_64-debian-clang 0.2.0 27.98 93.48 121.46 OK
r-devel-linux-x86_64-debian-gcc 0.2.0 24.53 68.46 92.99 OK
r-devel-linux-x86_64-fedora-clang 0.2.0 158.19 NOTE
r-devel-linux-x86_64-fedora-gcc 0.2.0 147.72 NOTE
r-devel-windows-ix86+x86_64 0.2.0 76.00 218.00 294.00 OK
r-patched-linux-x86_64 0.2.0 23.74 90.22 113.96 OK
r-patched-solaris-x86 0.2.0 185.20 NOTE
r-release-linux-x86_64 0.2.0 27.39 88.72 116.11 OK
r-release-macos-x86_64 0.2.0 NOTE
r-release-windows-ix86+x86_64 0.2.0 77.00 155.00 232.00 OK
r-oldrel-macos-x86_64 0.2.0 NOTE
r-oldrel-windows-ix86+x86_64 0.2.0 53.00 166.00 219.00 OK

Check Details

Version: 0.2.0
Check: data for non-ASCII characters
Result: NOTE
     Note: found 7587 marked UTF-8 strings
Flavors: r-devel-linux-x86_64-fedora-clang, r-devel-linux-x86_64-fedora-gcc, r-patched-solaris-x86, r-release-macos-x86_64, r-oldrel-macos-x86_64