Last updated on 2023-05-30 08:02:32 CEST.
Flavor | Version | Tinstall | Tcheck | Ttotal | Status | Flags |
---|---|---|---|---|---|---|
r-devel-linux-x86_64-debian-clang | 1.1.0 | 6.26 | 49.36 | 55.62 | NOTE | |
r-devel-linux-x86_64-debian-gcc | 1.1.0 | 3.79 | 38.91 | 42.70 | NOTE | |
r-devel-linux-x86_64-fedora-clang | 1.1.0 | 74.79 | NOTE | |||
r-devel-linux-x86_64-fedora-gcc | 1.1.0 | 66.81 | NOTE | |||
r-devel-windows-x86_64 | 1.1.0 | 6.00 | 70.00 | 76.00 | NOTE | |
r-patched-linux-x86_64 | 1.1.0 | 7.60 | 48.09 | 55.69 | NOTE | |
r-release-linux-x86_64 | 1.1.0 | 4.56 | 48.06 | 52.62 | NOTE | |
r-release-macos-arm64 | 1.1.0 | 28.00 | NOTE | |||
r-release-macos-x86_64 | 1.1.0 | 38.00 | NOTE | |||
r-release-windows-x86_64 | 1.1.0 | 8.00 | 74.00 | 82.00 | NOTE | |
r-oldrel-macos-arm64 | 1.1.0 | 24.00 | OK | |||
r-oldrel-macos-x86_64 | 1.1.0 | 34.00 | OK | |||
r-oldrel-windows-x86_64 | 1.1.0 | 9.00 | 67.00 | 76.00 | OK |
Version: 1.1.0
Check: Rd files
Result: NOTE
checkRd: (-1) shypEstFun.Rd:52: Escaped LaTeX specials: \$
checkRd: (-1) shypEstFun.Rd:54: Escaped LaTeX specials: \$
Flavors: r-devel-linux-x86_64-debian-clang, r-devel-linux-x86_64-debian-gcc, r-devel-linux-x86_64-fedora-clang, r-devel-linux-x86_64-fedora-gcc, r-devel-windows-x86_64, r-patched-linux-x86_64, r-release-linux-x86_64, r-release-macos-arm64, r-release-macos-x86_64, r-release-windows-x86_64