Last updated on 2022-06-30 01:49:20 CEST.
Flavor | Version | Tinstall | Tcheck | Ttotal | Status | Flags |
---|---|---|---|---|---|---|
r-devel-linux-x86_64-debian-clang | 1.0.2.1 | 46.54 | 427.18 | 473.72 | OK | |
r-devel-linux-x86_64-debian-gcc | 1.0.2.1 | 41.16 | 309.05 | 350.21 | OK | |
r-devel-linux-x86_64-fedora-clang | 1.0.2.1 | 550.06 | WARN | |||
r-devel-linux-x86_64-fedora-gcc | 1.0.2.1 | 553.36 | WARN | |||
r-devel-windows-x86_64 | 1.0.2.1 | 64.00 | 433.00 | 497.00 | NOTE | |
r-patched-linux-x86_64 | 1.0.2.1 | 53.69 | 401.29 | 454.98 | OK | |
r-release-linux-x86_64 | 1.0.2.1 | 38.08 | 408.03 | 446.11 | OK | |
r-release-macos-arm64 | 1.0.2.1 | 137.00 | NOTE | |||
r-release-macos-x86_64 | 1.0.2.1 | 190.00 | NOTE | |||
r-release-windows-x86_64 | 1.0.2.1 | 64.00 | 419.00 | 483.00 | NOTE | |
r-oldrel-macos-arm64 | 1.0.2.1 | 132.00 | NOTE | |||
r-oldrel-macos-x86_64 | 1.0.2.1 | 169.00 | NOTE | |||
r-oldrel-windows-ix86+x86_64 | 1.0.2.1 | 95.00 | 424.00 | 519.00 | NOTE |
Version: 1.0.2.1
Check: package dependencies
Result: WARN
Requires (indirectly) orphaned package: ‘gtools’
Flavors: r-devel-linux-x86_64-fedora-clang, r-devel-linux-x86_64-fedora-gcc
Version: 1.0.2.1
Check: installed package size
Result: NOTE
installed size is 6.6Mb
sub-directories of 1Mb or more:
doc 5.2Mb
Flavors: r-devel-linux-x86_64-fedora-clang, r-devel-windows-x86_64, r-release-macos-arm64, r-release-macos-x86_64, r-release-windows-x86_64, r-oldrel-macos-arm64, r-oldrel-macos-x86_64, r-oldrel-windows-ix86+x86_64
Version: 1.0.2.1
Check: dependencies in R code
Result: NOTE
Namespaces in Imports field not imported from:
‘Rdpack’ ‘car’ ‘knitr’ ‘lmtest’ ‘rmarkdown’
All declared Imports should be used.
Flavors: r-devel-linux-x86_64-fedora-clang, r-devel-linux-x86_64-fedora-gcc, r-release-macos-arm64, r-release-macos-x86_64, r-oldrel-macos-arm64, r-oldrel-macos-x86_64