CRAN Package Check Results for Package spsur

Last updated on 2024-07-22 07:52:29 CEST.

Flavor Version Tinstall Tcheck Ttotal Status Flags
r-devel-linux-x86_64-debian-clang 1.0.2.5 22.53 188.13 210.66 NOTE
r-devel-linux-x86_64-debian-gcc 1.0.2.5 17.13 133.35 150.48 NOTE
r-devel-linux-x86_64-fedora-clang 1.0.2.5 261.07 NOTE
r-devel-linux-x86_64-fedora-gcc 1.0.2.5 275.06 NOTE
r-devel-windows-x86_64 1.0.2.5 21.00 136.00 157.00 NOTE
r-patched-linux-x86_64 1.0.2.5 31.97 173.70 205.67 NOTE
r-release-linux-x86_64 1.0.2.5 23.73 175.23 198.96 NOTE
r-release-macos-arm64 1.0.2.5 77.00 NOTE
r-release-macos-x86_64 1.0.2.5 122.00 NOTE
r-release-windows-x86_64 1.0.2.5 21.00 141.00 162.00 NOTE
r-oldrel-macos-arm64 1.0.2.5 83.00 OK
r-oldrel-macos-x86_64 1.0.2.5 134.00 OK
r-oldrel-windows-x86_64 1.0.2.5 29.00 183.00 212.00 OK

Check Details

Version: 1.0.2.5
Check: Rd files
Result: NOTE checkRd: (-1) impactspsur.Rd:42: Lost braces; missing escapes or markup? 42 | and a matching \code{Qres} list attribute if {Q} was given. | ^ checkRd: (-1) spsur3sls.Rd:158: Lost braces; missing escapes or markup? 158 | the matrix of regressors, of order \emph{(Nxp_{g})}. Moreover, | ^ checkRd: (-1) spsurgs3sls.Rd:67: Lost braces; missing escapes or markup? 67 | \item{het}{default {FALSE}: if {TRUE} uses the methods | ^ checkRd: (-1) spsurgs3sls.Rd:67: Lost braces; missing escapes or markup? 67 | \item{het}{default {FALSE}: if {TRUE} uses the methods | ^ Flavors: r-devel-linux-x86_64-debian-clang, r-devel-linux-x86_64-debian-gcc, r-devel-linux-x86_64-fedora-clang, r-devel-linux-x86_64-fedora-gcc, r-devel-windows-x86_64, r-patched-linux-x86_64, r-release-linux-x86_64, r-release-macos-arm64, r-release-macos-x86_64, r-release-windows-x86_64

Version: 1.0.2.5
Check: Rd cross-references
Result: NOTE Found the following Rd file(s) with Rd \link{} targets missing package anchors: impactspsur.Rd: impacts spsur-package.Rd: impacts Please provide package anchors for all Rd \link{} targets not in the package itself and the base packages. Flavors: r-devel-linux-x86_64-debian-gcc, r-devel-windows-x86_64