CRAN Package Check Results for Package spsur

Last updated on 2021-09-21 01:50:38 CEST.

Flavor Version Tinstall Tcheck Ttotal Status Flags
r-devel-linux-x86_64-debian-clang 1.0.1.9 26.46 224.41 250.87 OK
r-devel-linux-x86_64-debian-gcc 1.0.1.9 19.43 165.38 184.81 OK
r-devel-linux-x86_64-fedora-clang 1.0.1.9 303.79 NOTE
r-devel-linux-x86_64-fedora-gcc 1.0.1.9 294.27 NOTE
r-devel-windows-x86_64 1.0.1.9 29.00 188.00 217.00 OK
r-devel-windows-x86_64-gcc10-UCRT 1.0.1.9 ERROR
r-patched-linux-x86_64 1.0.1.9 32.25 209.44 241.69 OK
r-patched-solaris-x86 1.0.1.9 390.30 NOTE
r-release-linux-x86_64 1.0.1.9 21.36 209.02 230.38 OK
r-release-macos-arm64 1.0.1.9 NOTE
r-release-macos-x86_64 1.0.1.9 NOTE
r-release-windows-ix86+x86_64 1.0.1.9 56.00 191.00 247.00 OK
r-oldrel-macos-x86_64 1.0.1.8 NOTE
r-oldrel-windows-ix86+x86_64 1.0.1.8 57.00 206.00 263.00 OK

Check Details

Version: 1.0.1.9
Check: dependencies in R code
Result: NOTE
    Namespaces in Imports field not imported from:
     ‘Rdpack’ ‘car’ ‘knitr’ ‘lmtest’ ‘rmarkdown’
     All declared Imports should be used.
Flavors: r-devel-linux-x86_64-fedora-clang, r-devel-linux-x86_64-fedora-gcc, r-devel-windows-x86_64-gcc10-UCRT, r-patched-solaris-x86, r-release-macos-arm64, r-release-macos-x86_64

Version: 1.0.1.9
Check: whether package can be installed
Result: WARN
    Found the following significant warnings:
     WARNING: installation-time patches will not be applied, could not get the patches index
Flavor: r-devel-windows-x86_64-gcc10-UCRT

Version: 1.0.1.9
Check: PDF version of manual
Result: WARN
    LaTeX errors when creating PDF version.
    This typically indicates Rd problems.
Flavor: r-devel-windows-x86_64-gcc10-UCRT

Version: 1.0.1.9
Check: PDF version of manual without hyperrefs or index
Result: ERROR
    Re-running with no redirection of stdout/stderr.
Flavor: r-devel-windows-x86_64-gcc10-UCRT

Version: 1.0.1.8
Check: dependencies in R code
Result: NOTE
    Namespaces in Imports field not imported from:
     ‘Rdpack’ ‘car’ ‘knitr’ ‘lmtest’ ‘rmarkdown’
     All declared Imports should be used.
Flavor: r-oldrel-macos-x86_64