CRAN Package Check Results for Package spsurvey

Last updated on 2020-08-15 02:11:11 CEST.

Flavor Version Tinstall Tcheck Ttotal Status Flags
r-devel-linux-x86_64-debian-clang 4.1.3 43.83 252.01 295.84 OK --no-vignettes
r-devel-linux-x86_64-debian-gcc 4.1.3 30.50 182.39 212.89 OK --no-vignettes
r-devel-linux-x86_64-fedora-clang 4.1.3 1256.94 OK
r-devel-linux-x86_64-fedora-gcc 4.1.3 1277.53 OK
r-devel-windows-ix86+x86_64 4.1.3 86.00 347.00 433.00 OK --no-vignettes
r-patched-linux-x86_64 4.1.3 28.96 244.65 273.61 OK --no-vignettes
r-patched-solaris-x86 4.1.3 3184.80 NOTE
r-release-linux-x86_64 4.1.3 35.80 245.84 281.64 OK --no-vignettes
r-release-macos-x86_64 4.1.3 OK
r-release-windows-ix86+x86_64 4.1.3 84.00 233.00 317.00 OK --no-vignettes
r-oldrel-macos-x86_64 4.1.3 OK
r-oldrel-windows-ix86+x86_64 4.1.3 56.00 309.00 365.00 OK --no-vignettes

Check Details

Version: 4.1.3
Check: installed package size
Result: NOTE
     installed size is 5.3Mb
     sub-directories of 1Mb or more:
     doc 2.9Mb
Flavor: r-patched-solaris-x86