Last updated on 2023-06-01 07:57:14 CEST.
Flavor | Version | Tinstall | Tcheck | Ttotal | Status | Flags |
---|---|---|---|---|---|---|
r-devel-linux-x86_64-debian-clang | 5.5.0 | 31.19 | 433.80 | 464.99 | OK | |
r-devel-linux-x86_64-debian-gcc | 5.5.0 | 29.79 | 321.56 | 351.35 | OK | |
r-devel-linux-x86_64-fedora-clang | 5.5.0 | 632.75 | NOTE | |||
r-devel-linux-x86_64-fedora-gcc | 5.5.0 | 569.40 | OK | |||
r-devel-windows-x86_64 | 5.5.0 | 31.00 | 305.00 | 336.00 | NOTE | |
r-patched-linux-x86_64 | 5.5.0 | OK | ||||
r-release-linux-x86_64 | 5.5.0 | 29.70 | 414.83 | 444.53 | OK | |
r-release-macos-arm64 | 5.5.0 | 141.00 | NOTE | |||
r-release-macos-x86_64 | 5.4.1 | 253.00 | NOTE | |||
r-release-windows-x86_64 | 5.5.0 | 42.00 | 397.00 | 439.00 | NOTE | |
r-oldrel-macos-arm64 | 5.5.0 | 120.00 | NOTE | |||
r-oldrel-macos-x86_64 | 5.5.0 | 175.00 | NOTE | |||
r-oldrel-windows-x86_64 | 5.5.0 | 40.00 | 376.00 | 416.00 | NOTE |
Version: 5.5.0
Check: installed package size
Result: NOTE
installed size is 7.7Mb
sub-directories of 1Mb or more:
doc 6.1Mb
Flavors: r-devel-linux-x86_64-fedora-clang, r-devel-windows-x86_64, r-release-macos-arm64, r-release-windows-x86_64, r-oldrel-macos-arm64, r-oldrel-macos-x86_64, r-oldrel-windows-x86_64
Version: 5.4.1
Check: installed package size
Result: NOTE
installed size is 6.8Mb
sub-directories of 1Mb or more:
doc 5.3Mb
Flavor: r-release-macos-x86_64