CRAN Package Check Results for Package sptemExp

Last updated on 2020-02-20 00:54:28 CET.

Flavor Version Tinstall Tcheck Ttotal Status Flags
r-devel-linux-x86_64-debian-clang 0.1.4 102.28 71.85 174.13 OK
r-devel-linux-x86_64-debian-gcc 0.1.4 70.33 56.56 126.89 OK
r-devel-linux-x86_64-fedora-clang 0.1.4 234.17 NOTE
r-devel-linux-x86_64-fedora-gcc 0.1.4 224.59 NOTE
r-devel-windows-ix86+x86_64 0.1.4 164.00 165.00 329.00 NOTE
r-devel-windows-ix86+x86_64-gcc8 0.1.4 249.00 168.00 417.00 NOTE
r-patched-linux-x86_64 0.1.4 81.02 67.13 148.15 OK
r-patched-solaris-x86 0.1.4 237.90 NOTE
r-release-linux-x86_64 0.1.4 85.19 68.21 153.40 OK
r-release-windows-ix86+x86_64 0.1.4 168.00 157.00 325.00 NOTE
r-release-osx-x86_64 0.1.4 NOTE
r-oldrel-windows-ix86+x86_64 0.1.4 169.00 138.00 307.00 NOTE
r-oldrel-osx-x86_64 0.1.4 NOTE

Check Details

Version: 0.1.4
Check: installed package size
Result: NOTE
     installed size is 17.4Mb
     sub-directories of 1Mb or more:
     data 3.4Mb
     libs 13.2Mb
Flavors: r-devel-linux-x86_64-fedora-clang, r-devel-windows-ix86+x86_64, r-devel-windows-ix86+x86_64-gcc8, r-release-windows-ix86+x86_64, r-release-osx-x86_64, r-oldrel-windows-ix86+x86_64, r-oldrel-osx-x86_64

Version: 0.1.4
Check: dependencies in R code
Result: NOTE
    Namespaces in Imports field not imported from:
     ‘BayesX’ ‘BayesXsrc’ ‘automap’ ‘plyr’ ‘rgdal’ ‘splines’
     All declared Imports should be used.
Flavors: r-devel-linux-x86_64-fedora-clang, r-devel-linux-x86_64-fedora-gcc, r-patched-solaris-x86, r-release-osx-x86_64, r-oldrel-osx-x86_64