CRAN Package Check Results for Package spup

Last updated on 2021-06-22 01:49:33 CEST.

Flavor Version Tinstall Tcheck Ttotal Status Flags
r-devel-linux-x86_64-debian-clang 1.3-2 10.90 177.16 188.06 OK
r-devel-linux-x86_64-debian-gcc 1.3-2 10.06 130.89 140.95 OK
r-devel-linux-x86_64-fedora-clang 1.3-2 227.30 NOTE
r-devel-linux-x86_64-fedora-gcc 1.3-2 242.94 NOTE
r-devel-windows-x86_64 1.3-2 18.00 209.00 227.00 OK
r-devel-windows-x86_64-gcc10-UCRT 1.3-2 NOTE
r-patched-linux-x86_64 1.3-2 13.55 169.32 182.87 OK
r-patched-solaris-x86 1.3-2 321.60 NOTE
r-release-linux-x86_64 1.3-2 10.69 169.42 180.11 OK
r-release-macos-arm64 1.3-2 NOTE
r-release-macos-x86_64 1.3-2 NOTE
r-release-windows-ix86+x86_64 1.3-2 26.00 215.00 241.00 OK
r-oldrel-macos-x86_64 1.3-2 NOTE

Check Details

Version: 1.3-2
Check: dependencies in R code
Result: NOTE
    Namespace in Imports field not imported from: ‘sp’
     All declared Imports should be used.
Flavors: r-devel-linux-x86_64-fedora-clang, r-devel-linux-x86_64-fedora-gcc, r-devel-windows-x86_64-gcc10-UCRT, r-patched-solaris-x86, r-release-macos-arm64, r-release-macos-x86_64, r-oldrel-macos-x86_64