Last updated on 2023-01-30 01:53:46 CET.
Flavor | Version | Tinstall | Tcheck | Ttotal | Status | Flags |
---|---|---|---|---|---|---|
r-devel-linux-x86_64-debian-clang | 0.1.0 | 110.97 | 172.01 | 282.98 | OK | |
r-devel-linux-x86_64-debian-gcc | 0.1.0 | 94.17 | 124.96 | 219.13 | NOTE | |
r-devel-linux-x86_64-fedora-clang | 0.1.0 | 380.71 | NOTE | |||
r-devel-linux-x86_64-fedora-gcc | 0.1.0 | 380.12 | NOTE | |||
r-devel-windows-x86_64 | 0.1.0 | 117.00 | 239.00 | 356.00 | NOTE | |
r-patched-linux-x86_64 | 0.1.0 | 96.73 | 160.59 | 257.32 | OK | |
r-release-linux-x86_64 | 0.1.0 | 85.52 | 159.42 | 244.94 | OK | |
r-release-macos-arm64 | 0.1.0 | 82.00 | NOTE | |||
r-release-macos-x86_64 | 0.1.0 | 119.00 | NOTE | |||
r-release-windows-x86_64 | 0.1.0 | 124.00 | 246.00 | 370.00 | OK | |
r-oldrel-macos-arm64 | 0.1.0 | 86.00 | NOTE | |||
r-oldrel-macos-x86_64 | 0.1.0 | 118.00 | NOTE | |||
r-oldrel-windows-ix86+x86_64 | 0.1.0 | 279.00 | 356.00 | 635.00 | ERROR |
Version: 0.1.0
Check: C++ specification
Result: NOTE
Specified C++11: please update to current default of C++17
Flavors: r-devel-linux-x86_64-debian-gcc, r-devel-linux-x86_64-fedora-clang, r-devel-linux-x86_64-fedora-gcc, r-devel-windows-x86_64
Version: 0.1.0
Check: installed package size
Result: NOTE
installed size is 12.9Mb
sub-directories of 1Mb or more:
data 1.1Mb
libs 10.8Mb
Flavors: r-release-macos-arm64, r-release-macos-x86_64, r-oldrel-macos-arm64, r-oldrel-macos-x86_64
Version: 0.1.0
Check: running examples for arch ‘i386’
Result: ERROR
Running examples in 'squat-Ex.R' failed
The error most likely occurred in:
> ### Name: smooth
> ### Title: QTS Smoothing via SLERP Interpolation
> ### Aliases: smooth smooth.default smooth.qts smooth.qts_sample
>
> ### ** Examples
>
> smooth(vespa64$igp[[1]])
Flavor: r-oldrel-windows-ix86+x86_64