Last updated on 2023-06-07 08:02:03 CEST.
Flavor | Version | Tinstall | Tcheck | Ttotal | Status | Flags |
---|---|---|---|---|---|---|
r-devel-linux-x86_64-debian-clang | 0.2.1 | 5.20 | 40.44 | 45.64 | OK | |
r-devel-linux-x86_64-debian-gcc | 0.2.1 | 3.22 | 30.15 | 33.37 | OK | |
r-devel-linux-x86_64-fedora-clang | 0.2.1 | 58.27 | NOTE | |||
r-devel-linux-x86_64-fedora-gcc | 0.2.1 | 51.98 | NOTE | |||
r-devel-windows-x86_64 | 0.2.1 | 7.00 | 51.00 | 58.00 | NOTE | |
r-patched-linux-x86_64 | 0.2.1 | 4.46 | 37.45 | 41.91 | OK | |
r-release-linux-x86_64 | 0.2.1 | 3.94 | 37.90 | 41.84 | OK | |
r-release-macos-arm64 | 0.2.1 | 24.00 | NOTE | |||
r-release-macos-x86_64 | 0.2.1 | 30.00 | NOTE | |||
r-release-windows-x86_64 | 0.2.1 | 9.00 | 55.00 | 64.00 | NOTE | |
r-oldrel-macos-arm64 | 0.2.1 | 25.00 | NOTE | |||
r-oldrel-macos-x86_64 | 0.2.1 | 35.00 | NOTE | |||
r-oldrel-windows-x86_64 | 0.2.1 | 9.00 | 57.00 | 66.00 | NOTE |
Version: 0.2.1
Check: installed package size
Result: NOTE
installed size is 5.8Mb
sub-directories of 1Mb or more:
shiny-squid 5.6Mb
Flavors: r-devel-linux-x86_64-fedora-clang, r-devel-windows-x86_64, r-release-macos-arm64, r-release-macos-x86_64, r-release-windows-x86_64, r-oldrel-macos-arm64, r-oldrel-macos-x86_64, r-oldrel-windows-x86_64
Version: 0.2.1
Check: dependencies in R code
Result: NOTE
Namespaces in Imports field not imported from:
‘arm’ ‘brms’ ‘lme4’ ‘plotly’ ‘shinyMatrix’
All declared Imports should be used.
Flavors: r-devel-linux-x86_64-fedora-clang, r-devel-linux-x86_64-fedora-gcc, r-oldrel-macos-arm64, r-oldrel-macos-x86_64