Last updated on 2023-02-07 00:54:31 CET.
Flavor | Version | Tinstall | Tcheck | Ttotal | Status | Flags |
---|---|---|---|---|---|---|
r-devel-linux-x86_64-debian-clang | 1.1.5 | 522.99 | 113.10 | 636.09 | NOTE | |
r-devel-linux-x86_64-debian-gcc | 1.1.5 | 423.89 | 106.91 | 530.80 | NOTE | |
r-devel-linux-x86_64-fedora-clang | 1.1.5 | 796.49 | NOTE | |||
r-devel-linux-x86_64-fedora-gcc | 1.1.5 | 904.71 | NOTE | |||
r-devel-windows-x86_64 | 1.1.5 | 322.00 | 213.00 | 535.00 | NOTE | |
r-patched-linux-x86_64 | 1.1.5 | 446.25 | 133.51 | 579.76 | NOTE | |
r-release-linux-x86_64 | 1.1.5 | 382.49 | 136.29 | 518.78 | NOTE | |
r-release-macos-arm64 | 1.1.5 | 226.00 | NOTE | |||
r-release-macos-x86_64 | 1.1.5 | 346.00 | NOTE | |||
r-release-windows-x86_64 | 1.1.5 | 315.00 | 207.00 | 522.00 | NOTE | |
r-oldrel-macos-arm64 | 1.1.5 | 251.00 | NOTE | |||
r-oldrel-macos-x86_64 | 1.1.5 | 434.00 | NOTE | |||
r-oldrel-windows-ix86+x86_64 | 1.1.5 | 1062.00 | 244.00 | 1306.00 | NOTE |
Version: 1.1.5
Check: C++ specification
Result: NOTE
Specified C++14: please update to current default of C++17
Flavors: r-devel-linux-x86_64-debian-clang, r-devel-linux-x86_64-debian-gcc, r-devel-linux-x86_64-fedora-clang, r-devel-linux-x86_64-fedora-gcc, r-devel-windows-x86_64
Version: 1.1.5
Check: for GNU extensions in Makefiles
Result: NOTE
GNU make is a SystemRequirements.
Flavors: r-devel-linux-x86_64-debian-clang, r-devel-linux-x86_64-debian-gcc, r-devel-linux-x86_64-fedora-clang, r-devel-linux-x86_64-fedora-gcc, r-devel-windows-x86_64, r-patched-linux-x86_64, r-release-linux-x86_64, r-release-macos-arm64, r-release-macos-x86_64, r-release-windows-x86_64, r-oldrel-macos-arm64, r-oldrel-macos-x86_64, r-oldrel-windows-ix86+x86_64
Version: 1.1.5
Check: installed package size
Result: NOTE
installed size is 6.1Mb
sub-directories of 1Mb or more:
libs 5.7Mb
Flavors: r-devel-linux-x86_64-fedora-clang, r-release-macos-arm64, r-release-macos-x86_64, r-oldrel-macos-arm64, r-oldrel-macos-x86_64, r-oldrel-windows-ix86+x86_64