CRAN Package Check Results for Package ssev

Last updated on 2022-05-18 01:50:04 CEST.

Flavor Version Tinstall Tcheck Ttotal Status Flags
r-devel-linux-x86_64-debian-clang 0.1.0 2.49 38.91 41.40 NOTE
r-devel-linux-x86_64-debian-gcc 0.1.0 1.65 29.57 31.22 NOTE
r-devel-linux-x86_64-fedora-clang 0.1.0 49.94 NOTE
r-devel-linux-x86_64-fedora-gcc 0.1.0 48.00 NOTE
r-devel-windows-x86_64 0.1.0 9.00 55.00 64.00 NOTE
r-patched-linux-x86_64 0.1.0 2.67 36.88 39.55 NOTE
r-release-linux-x86_64 0.1.0 1.57 37.06 38.63 NOTE
r-release-macos-arm64 0.1.0 16.00 NOTE
r-release-macos-x86_64 0.1.0 27.00 NOTE
r-release-windows-x86_64 0.1.0 11.00 56.00 67.00 NOTE
r-oldrel-macos-arm64 0.1.0 21.00 NOTE
r-oldrel-macos-x86_64 0.1.0 31.00 NOTE
r-oldrel-windows-ix86+x86_64 0.1.0 7.00 48.00 55.00 NOTE

Check Details

Version: 0.1.0
Check: LazyData
Result: NOTE
     'LazyData' is specified without a 'data' directory
Flavors: r-devel-linux-x86_64-debian-clang, r-devel-linux-x86_64-debian-gcc, r-devel-linux-x86_64-fedora-clang, r-devel-linux-x86_64-fedora-gcc, r-devel-windows-x86_64, r-patched-linux-x86_64, r-release-linux-x86_64, r-release-macos-arm64, r-release-macos-x86_64, r-release-windows-x86_64, r-oldrel-macos-arm64, r-oldrel-macos-x86_64, r-oldrel-windows-ix86+x86_64