Last updated on 2023-02-02 00:55:00 CET.
Flavor | Version | Tinstall | Tcheck | Ttotal | Status | Flags |
---|---|---|---|---|---|---|
r-devel-linux-x86_64-debian-clang | 0.1 | 2.34 | 23.52 | 25.86 | NOTE | |
r-devel-linux-x86_64-debian-gcc | 0.1 | 1.78 | 18.22 | 20.00 | NOTE | |
r-devel-linux-x86_64-fedora-clang | 0.1 | 32.76 | NOTE | |||
r-devel-linux-x86_64-fedora-gcc | 0.1 | 31.83 | NOTE | |||
r-patched-linux-x86_64 | 0.1 | 2.08 | 23.71 | 25.79 | NOTE | |
r-release-linux-x86_64 | 0.1 | 1.78 | 23.30 | 25.08 | NOTE | |
r-release-macos-arm64 | 0.1 | 15.00 | NOTE | |||
r-release-macos-x86_64 | 0.1 | 23.00 | NOTE | |||
r-release-windows-x86_64 | 0.1 | 15.00 | 60.00 | 75.00 | NOTE | |
r-oldrel-macos-arm64 | 0.1 | 18.00 | NOTE | |||
r-oldrel-macos-x86_64 | 0.1 | 25.00 | NOTE | |||
r-oldrel-windows-ix86+x86_64 | 0.1 | 5.00 | 51.00 | 56.00 | NOTE |
Version: 0.1
Check: LazyData
Result: NOTE
'LazyData' is specified without a 'data' directory
Flavors: r-devel-linux-x86_64-debian-clang, r-devel-linux-x86_64-debian-gcc, r-devel-linux-x86_64-fedora-clang, r-devel-linux-x86_64-fedora-gcc, r-patched-linux-x86_64, r-release-linux-x86_64, r-release-macos-arm64, r-release-macos-x86_64, r-release-windows-x86_64, r-oldrel-macos-arm64, r-oldrel-macos-x86_64, r-oldrel-windows-ix86+x86_64