CRAN Package Check Results for Package sstModel

Last updated on 2021-01-28 00:47:36 CET.

Flavor Version Tinstall Tcheck Ttotal Status Flags
r-devel-linux-x86_64-debian-clang 1.0.0 14.68 116.80 131.48 OK
r-devel-linux-x86_64-debian-gcc 1.0.0 OK
r-devel-linux-x86_64-fedora-clang 1.0.0 160.33 NOTE
r-devel-linux-x86_64-fedora-gcc 1.0.0 154.46 NOTE
r-devel-windows-ix86+x86_64 1.0.0 27.00 136.00 163.00 OK
r-patched-linux-x86_64 1.0.0 12.64 107.45 120.09 OK
r-patched-solaris-x86 1.0.0 195.60 NOTE
r-release-linux-x86_64 1.0.0 15.04 108.57 123.61 OK
r-release-macos-x86_64 1.0.0 NOTE
r-release-windows-ix86+x86_64 1.0.0 27.00 97.00 124.00 OK
r-oldrel-macos-x86_64 1.0.0 NOTE
r-oldrel-windows-ix86+x86_64 1.0.0 28.00 128.00 156.00 OK

Check Details

Version: 1.0.0
Check: dependencies in R code
Result: NOTE
    Namespace in Imports field not imported from: ‘shinydashboard’
     All declared Imports should be used.
Flavors: r-devel-linux-x86_64-fedora-clang, r-devel-linux-x86_64-fedora-gcc, r-patched-solaris-x86, r-release-macos-x86_64, r-oldrel-macos-x86_64