Last updated on 2022-07-03 01:49:06 CEST.
Flavor | Version | Tinstall | Tcheck | Ttotal | Status | Flags |
---|---|---|---|---|---|---|
r-devel-linux-x86_64-debian-clang | 1.5.7 | 17.48 | 105.59 | 123.07 | NOTE | |
r-devel-linux-x86_64-debian-gcc | 1.5.7 | 14.18 | 80.23 | 94.41 | NOTE | |
r-devel-linux-x86_64-fedora-clang | 1.5.7 | 154.15 | NOTE | |||
r-devel-linux-x86_64-fedora-gcc | 1.5.7 | 156.30 | NOTE | |||
r-devel-windows-x86_64 | 1.5.7 | 22.00 | 123.00 | 145.00 | NOTE | |
r-patched-linux-x86_64 | 1.5.7 | 17.22 | 102.18 | 119.40 | OK | |
r-release-linux-x86_64 | 1.5.7 | 16.35 | 100.54 | 116.89 | OK | |
r-release-macos-arm64 | 1.5.7 | 38.00 | OK | |||
r-release-macos-x86_64 | 1.5.7 | 58.00 | OK | |||
r-release-windows-x86_64 | 1.5.7 | 28.00 | 129.00 | 157.00 | OK | |
r-oldrel-macos-arm64 | 1.5.7 | 49.00 | OK | |||
r-oldrel-macos-x86_64 | 1.5.7 | 85.00 | OK | |||
r-oldrel-windows-ix86+x86_64 | 1.5.7 | 30.00 | 121.00 | 151.00 | OK |
Version: 1.5.7
Check: Rd files
Result: NOTE
checkRd: (-1) Snacks.Rd:6: Escaped LaTeX specials: \~
Flavors: r-devel-linux-x86_64-debian-clang, r-devel-linux-x86_64-debian-gcc, r-devel-linux-x86_64-fedora-clang, r-devel-linux-x86_64-fedora-gcc, r-devel-windows-x86_64