CRAN Package Check Results for Package st

Last updated on 2022-08-14 01:49:26 CEST.

Flavor Version Tinstall Tcheck Ttotal Status Flags
r-devel-linux-x86_64-debian-clang 1.2.7 2.86 33.27 36.13 OK
r-devel-linux-x86_64-debian-gcc 1.2.7 2.26 25.97 28.23 OK
r-devel-linux-x86_64-fedora-clang 1.2.7 54.06 OK
r-devel-linux-x86_64-fedora-gcc 1.2.7 52.91 OK
r-devel-windows-x86_64 1.2.7 12.00 61.00 73.00 OK
r-patched-linux-x86_64 1.2.7 3.38 32.68 36.06 OK
r-release-linux-x86_64 1.2.7 3.12 32.47 35.59 OK
r-release-macos-arm64 1.2.7 17.00 NOTE
r-release-macos-x86_64 1.2.7 27.00 OK
r-release-windows-x86_64 1.2.7 12.00 59.00 71.00 OK
r-oldrel-macos-arm64 1.2.7 32.00 OK
r-oldrel-macos-x86_64 1.2.7 27.00 OK
r-oldrel-windows-ix86+x86_64 1.2.7 7.00 59.00 66.00 OK

Check Details

Version: 1.2.7
Check: package dependencies
Result: NOTE
    Packages suggested but not available for checking: 'limma', 'samr'
Flavor: r-release-macos-arm64