Last updated on 2023-06-05 07:53:08 CEST.
Flavor | Version | Tinstall | Tcheck | Ttotal | Status | Flags |
---|---|---|---|---|---|---|
r-devel-linux-x86_64-debian-clang | 0.5 | 17.68 | 164.16 | 181.84 | OK | |
r-devel-linux-x86_64-debian-gcc | 0.5 | 12.72 | 122.77 | 135.49 | OK | |
r-devel-linux-x86_64-fedora-clang | 0.5 | 218.62 | OK | |||
r-devel-linux-x86_64-fedora-gcc | 0.5 | 241.79 | OK | |||
r-devel-windows-x86_64 | 0.5 | 16.00 | 139.00 | 155.00 | OK | |
r-patched-linux-x86_64 | 0.5 | 21.17 | 150.58 | 171.75 | OK | |
r-release-linux-x86_64 | 0.5 | 11.01 | 152.28 | 163.29 | OK | |
r-release-macos-arm64 | 0.5 | 74.00 | OK | |||
r-release-macos-x86_64 | 0.5 | 125.00 | NOTE | |||
r-release-windows-x86_64 | 0.5 | 21.00 | 168.00 | 189.00 | OK | |
r-oldrel-macos-arm64 | 0.5 | 75.00 | OK | |||
r-oldrel-macos-x86_64 | 0.5 | 101.00 | OK | |||
r-oldrel-windows-x86_64 | 0.5 | 18.00 | 172.00 | 190.00 | OK |
Version: 0.5
Check: package dependencies
Result: NOTE
Package suggested but not available for checking: ‘demography’
Flavor: r-release-macos-x86_64