CRAN Package Check Results for Package stabiliser

Last updated on 2022-06-25 01:49:12 CEST.

Flavor Version Tinstall Tcheck Ttotal Status Flags
r-devel-linux-x86_64-debian-clang 1.0.2 23.83 475.12 498.95 OK
r-devel-linux-x86_64-debian-gcc 1.0.2 16.88 345.04 361.92 OK
r-devel-linux-x86_64-fedora-clang 1.0.2 540.67 NOTE
r-devel-linux-x86_64-fedora-gcc 1.0.2 618.31 NOTE
r-devel-windows-x86_64 1.0.2 49.00 517.00 566.00 OK
r-patched-linux-x86_64 1.0.2 21.09 440.71 461.80 OK
r-release-linux-x86_64 1.0.2 21.04 441.26 462.30 OK
r-release-macos-arm64 1.0.2 174.00 NOTE
r-release-macos-x86_64 1.0.2 199.00 NOTE
r-release-windows-x86_64 1.0.2 48.00 523.00 571.00 OK
r-oldrel-macos-arm64 1.0.2 178.00 NOTE
r-oldrel-macos-x86_64 1.0.2 185.00 NOTE
r-oldrel-windows-ix86+x86_64 1.0.2 48.00 511.00 559.00 OK

Check Details

Version: 1.0.2
Check: dependencies in R code
Result: NOTE
    Namespace in Imports field not imported from: ‘knitr’
     All declared Imports should be used.
Flavors: r-devel-linux-x86_64-fedora-clang, r-devel-linux-x86_64-fedora-gcc, r-release-macos-arm64, r-release-macos-x86_64, r-oldrel-macos-arm64, r-oldrel-macos-x86_64