CRAN Package Check Results for Package stabledist

Last updated on 2023-11-30 08:50:10 CET.

Flavor Version Tinstall Tcheck Ttotal Status Flags
r-devel-linux-x86_64-debian-clang 0.7-1 2.82 89.11 91.93 NOTE
r-devel-linux-x86_64-debian-gcc 0.7-1 2.03 61.42 63.45 NOTE
r-devel-linux-x86_64-fedora-clang 0.7-1 110.76 NOTE
r-devel-linux-x86_64-fedora-gcc 0.7-1 106.52 NOTE
r-devel-windows-x86_64 0.7-1 3.00 89.00 92.00 NOTE
r-patched-linux-x86_64 0.7-1 2.81 84.54 87.35 NOTE
r-release-linux-x86_64 0.7-1 2.66 84.32 86.98 NOTE
r-release-macos-arm64 0.7-1 30.00 NOTE
r-release-macos-x86_64 0.7-1 52.00 NOTE
r-release-windows-x86_64 0.7-1 4.00 99.00 103.00 NOTE
r-oldrel-macos-arm64 0.7-1 30.00 NOTE
r-oldrel-macos-x86_64 0.7-1 48.00 NOTE
r-oldrel-windows-x86_64 0.7-1 4.00 102.00 106.00 NOTE

Check Details

Version: 0.7-1
Check: LazyData
Result: NOTE 'LazyData' is specified without a 'data' directory Flavors: r-devel-linux-x86_64-debian-clang, r-devel-linux-x86_64-debian-gcc, r-devel-linux-x86_64-fedora-clang, r-devel-linux-x86_64-fedora-gcc, r-devel-windows-x86_64, r-patched-linux-x86_64, r-release-linux-x86_64, r-release-macos-arm64, r-release-macos-x86_64, r-release-windows-x86_64, r-oldrel-macos-arm64, r-oldrel-macos-x86_64, r-oldrel-windows-x86_64