CRAN Package Check Results for Package stabreg

Last updated on 2023-01-27 00:51:16 CET.

Flavor Version Tinstall Tcheck Ttotal Status Flags
r-devel-linux-x86_64-debian-clang 0.1.2 2.98 27.71 30.69 NOTE
r-devel-linux-x86_64-debian-gcc 0.1.2 3.13 20.94 24.07 NOTE
r-devel-linux-x86_64-fedora-clang 0.1.2 39.35 NOTE
r-devel-linux-x86_64-fedora-gcc 0.1.2 38.28 NOTE
r-patched-linux-x86_64 0.1.2 3.33 27.26 30.59 NOTE
r-release-linux-x86_64 0.1.2 3.26 27.88 31.14 NOTE
r-release-macos-arm64 0.1.2 17.00 NOTE
r-release-macos-x86_64 0.1.2 23.00 NOTE
r-release-windows-x86_64 0.1.2 10.00 56.00 66.00 NOTE
r-oldrel-macos-arm64 0.1.2 20.00 NOTE
r-oldrel-macos-x86_64 0.1.2 28.00 NOTE
r-oldrel-windows-ix86+x86_64 0.1.2 10.00 49.00 59.00 NOTE

Check Details

Version: 0.1.2
Check: LazyData
Result: NOTE
     'LazyData' is specified without a 'data' directory
Flavors: r-devel-linux-x86_64-debian-clang, r-devel-linux-x86_64-debian-gcc, r-devel-linux-x86_64-fedora-clang, r-devel-linux-x86_64-fedora-gcc, r-patched-linux-x86_64, r-release-linux-x86_64, r-release-macos-arm64, r-release-macos-x86_64, r-release-windows-x86_64, r-oldrel-macos-arm64, r-oldrel-macos-x86_64, r-oldrel-windows-ix86+x86_64