CRAN Package Check Results for Package stapler

Last updated on 2020-04-04 01:52:34 CEST.

Flavor Version Tinstall Tcheck Ttotal Status Flags
r-devel-linux-x86_64-debian-clang 0.7.1 2.86 44.91 47.77 OK --no-vignettes
r-devel-linux-x86_64-debian-gcc 0.7.1 2.37 33.06 35.43 OK --no-vignettes
r-devel-linux-x86_64-fedora-clang 0.7.1 1694.97 OK
r-devel-linux-x86_64-fedora-gcc 0.7.1 1568.91 OK
r-devel-windows-ix86+x86_64 0.7.1 6.00 1032.00 1038.00 OK
r-devel-windows-ix86+x86_64-gcc8 0.7.1 9.00 1045.00 1054.00 OK
r-patched-linux-x86_64 0.7.1 2.63 43.38 46.01 OK --no-vignettes
r-patched-solaris-x86 0.7.1 1907.60 WARN
r-release-linux-x86_64 0.7.1 2.24 38.99 41.23 OK --no-vignettes
r-release-windows-ix86+x86_64 0.7.1 7.00 1048.00 1055.00 OK
r-release-osx-x86_64 0.7.1 OK
r-oldrel-windows-ix86+x86_64 0.7.1 6.00 1021.00 1027.00 OK
r-oldrel-osx-x86_64 0.7.1 OK

Check Details

Version: 0.7.1
Check: re-building of vignette outputs
Result: WARN
    Error(s) in re-building vignettes:
     ...
    --- re-building ‘staple_example.Rmd’ using rmarkdown
    Warning in engine$weave(file, quiet = quiet, encoding = enc) :
     Pandoc (>= 1.12.3) and/or pandoc-citeproc not available. Falling back to R Markdown v1.
Flavor: r-patched-solaris-x86