CRAN Package Check Results for Package starma

Last updated on 2021-01-22 00:49:07 CET.

Flavor Version Tinstall Tcheck Ttotal Status Flags
r-devel-linux-x86_64-debian-clang 1.3 53.55 65.23 118.78 OK
r-devel-linux-x86_64-debian-gcc 1.3 36.94 49.31 86.25 OK
r-devel-linux-x86_64-fedora-clang 1.3 178.52 NOTE
r-devel-linux-x86_64-fedora-gcc 1.3 145.94 NOTE
r-devel-windows-ix86+x86_64 1.3 129.00 107.00 236.00 OK
r-patched-linux-x86_64 1.3 43.99 60.40 104.39 OK
r-patched-solaris-x86 1.3 162.40 OK
r-release-linux-x86_64 1.3 42.99 61.26 104.25 OK
r-release-macos-x86_64 1.3 OK
r-release-windows-ix86+x86_64 1.3 119.00 140.00 259.00 OK
r-oldrel-macos-x86_64 1.3 OK
r-oldrel-windows-ix86+x86_64 1.3 84.00 105.00 189.00 OK

Check Details

Version: 1.3
Check: compiled code
Result: NOTE
    File ‘starma/libs/starma.so’:
     Found no calls to: ‘R_registerRoutines’, ‘R_useDynamicSymbols’
    
    It is good practice to register native routines and to disable symbol
    search.
    
    See ‘Writing portable packages’ in the ‘Writing R Extensions’ manual.
Flavors: r-devel-linux-x86_64-fedora-clang, r-devel-linux-x86_64-fedora-gcc