CRAN Package Check Results for Package stars

Last updated on 2020-02-18 01:52:10 CET.

Flavor Version Tinstall Tcheck Ttotal Status Flags
r-devel-linux-x86_64-debian-clang 0.4-0 11.67 237.51 249.18 NOTE
r-devel-linux-x86_64-debian-gcc 0.4-0 10.20 175.89 186.09 NOTE
r-devel-linux-x86_64-fedora-clang 0.4-0 300.06 NOTE
r-devel-linux-x86_64-fedora-gcc 0.4-0 284.12 NOTE
r-devel-windows-ix86+x86_64 0.4-0 21.00 238.00 259.00 NOTE
r-devel-windows-ix86+x86_64-gcc8 0.4-0 32.00 242.00 274.00 NOTE
r-patched-linux-x86_64 0.4-0 11.16 208.83 219.99 NOTE
r-patched-solaris-x86 0.4-0 406.00 NOTE
r-release-linux-x86_64 0.4-0 11.16 213.46 224.62 NOTE
r-release-windows-ix86+x86_64 0.4-0 21.00 225.00 246.00 NOTE
r-release-osx-x86_64 0.4-0 NOTE
r-oldrel-windows-ix86+x86_64 0.4-0 16.00 249.00 265.00 NOTE
r-oldrel-osx-x86_64 0.4-0 NOTE

Check Details

Version: 0.4-0
Check: package dependencies
Result: NOTE
    Package suggested but not available for checking: 'starsdata'
Flavors: r-devel-linux-x86_64-debian-clang, r-devel-linux-x86_64-debian-gcc, r-devel-linux-x86_64-fedora-gcc, r-devel-windows-ix86+x86_64, r-devel-windows-ix86+x86_64-gcc8, r-patched-linux-x86_64, r-patched-solaris-x86, r-release-linux-x86_64, r-release-windows-ix86+x86_64, r-release-osx-x86_64, r-oldrel-windows-ix86+x86_64, r-oldrel-osx-x86_64

Version: 0.4-0
Check: package dependencies
Result: NOTE
    Package suggested but not available for checking: ‘starsdata’
    
    Suggests orphaned package: ‘plm’
Flavor: r-devel-linux-x86_64-fedora-clang

Version: 0.4-0
Check: installed package size
Result: NOTE
     installed size is 16.2Mb
     sub-directories of 1Mb or more:
     doc 10.3Mb
     nc 4.5Mb
Flavors: r-devel-linux-x86_64-fedora-clang, r-devel-windows-ix86+x86_64, r-devel-windows-ix86+x86_64-gcc8, r-patched-solaris-x86, r-release-windows-ix86+x86_64, r-release-osx-x86_64, r-oldrel-windows-ix86+x86_64, r-oldrel-osx-x86_64