CRAN Package Check Results for Package stars

Last updated on 2019-10-15 01:50:33 CEST.

Flavor Version Tinstall Tcheck Ttotal Status Flags
r-devel-linux-x86_64-debian-clang 0.4-0 10.34 210.52 220.86 NOTE
r-devel-linux-x86_64-debian-gcc 0.4-0 7.98 160.11 168.09 NOTE
r-devel-linux-x86_64-fedora-clang 0.4-0 273.95 NOTE
r-devel-linux-x86_64-fedora-gcc 0.4-0 258.62 NOTE
r-devel-windows-ix86+x86_64 0.4-0 31.00 276.00 307.00 NOTE
r-patched-linux-x86_64 0.4-0 10.08 200.45 210.53 NOTE
r-patched-solaris-x86 0.4-0 421.30 ERROR
r-release-linux-x86_64 0.4-0 9.41 207.06 216.47 NOTE
r-release-windows-ix86+x86_64 0.4-0 17.00 200.00 217.00 NOTE
r-release-osx-x86_64 0.4-0 NOTE
r-oldrel-windows-ix86+x86_64 0.4-0 20.00 200.00 220.00 NOTE
r-oldrel-osx-x86_64 0.4-0 NOTE

Check Details

Version: 0.4-0
Check: package dependencies
Result: NOTE
    Package suggested but not available for checking: 'starsdata'
Flavors: r-devel-linux-x86_64-debian-clang, r-devel-linux-x86_64-debian-gcc, r-devel-linux-x86_64-fedora-clang, r-devel-linux-x86_64-fedora-gcc, r-devel-windows-ix86+x86_64, r-patched-linux-x86_64, r-patched-solaris-x86, r-release-linux-x86_64, r-release-windows-ix86+x86_64, r-release-osx-x86_64, r-oldrel-windows-ix86+x86_64, r-oldrel-osx-x86_64

Version: 0.4-0
Check: installed package size
Result: NOTE
     installed size is 16.2Mb
     sub-directories of 1Mb or more:
     doc 10.3Mb
     nc 4.5Mb
Flavors: r-devel-linux-x86_64-fedora-clang, r-devel-windows-ix86+x86_64, r-patched-solaris-x86, r-release-windows-ix86+x86_64, r-release-osx-x86_64, r-oldrel-windows-ix86+x86_64, r-oldrel-osx-x86_64

Version: 0.4-0
Check: tests
Result: ERROR
     Running ‘aggregate.R’
     Comparing ‘aggregate.Rout’ to ‘aggregate.Rout.save’ ...4c4
    < Linking to GEOS 3.6.3, GDAL 2.2.4, PROJ 5.2.0
    ---
    > Linking to GEOS 3.7.0, GDAL 2.4.0, PROJ 5.2.0
    70c70
    < file65c9450d3e91.tif
    ---
    > file54a97c7fdb06.tif
     Running ‘area.R’
     Comparing ‘area.Rout’ to ‘area.Rout.save’ ...57c57
    < [1] ""
    ---
    > [1] "/tmp/RtmpuaufnR/RLIBS_7d6e178a189f/starsdata/sentinel5p/S5P_NRTI_L2__NO2____20180717T120113_20180717T120613_03932_01_010002_20180717T125231.nc"
    67a68,87
    > //PRODUCT/longitude,
    > //PRODUCT/latitude,
    > //PRODUCT/SUPPORT_DATA/DETAILED_RESULTS/nitrogendioxide_summed_total_column,
    > stars object with 2 dimensions and 1 attribute
    > attribute(s):
    > area [m^2]
    > Min. : 25990150
    > 1st Qu.: 28050933
    > Median : 35705689
    > Mean : 42968454
    > 3rd Qu.: 54640139
    > Max. :101184840
    > dimension(s):
    > from to offset delta refsys point
    > x 1 450 NA NA +proj=longlat +datum=WGS8... NA
    > y 1 278 NA NA +proj=longlat +datum=WGS8... NA
    > values
    > x [450x278] -5.81066,...,30.9468 [x]
    > y [450x278] 28.3605,...,51.4686 [y]
    > curvilinear grid
     Running ‘crop.R’ [9s/10s]
     Comparing ‘crop.Rout’ to ‘crop.Rout.save’ ... OK
     Running ‘curvilinear.R’
     Comparing ‘curvilinear.Rout’ to ‘curvilinear.Rout.save’ ...54a55,95
    > //PRODUCT/longitude,
    > //PRODUCT/latitude,
    > //PRODUCT/SUPPORT_DATA/DETAILED_RESULTS/nitrogendioxide_summed_total_column,
    > stars object with 2 dimensions and 1 attribute
    > attribute(s):
    > nitrogendioxide_summed_total_column
    > Min. :0e+00
    > 1st Qu.:1e-04
    > Median :1e-04
    > Mean :1e-04
    > 3rd Qu.:1e-04
    > Max. :5e-04
    > NA's :330
    > dimension(s):
    > from to offset delta refsys point
    > x 1 450 NA NA +proj=longlat +datum=WGS8... NA
    > y 1 278 NA NA +proj=longlat +datum=WGS8... NA
    > values
    > x [450x278] -5.81066,...,30.9468 [x]
    > y [450x278] 28.3605,...,51.4686 [y]
    > curvilinear grid
    > stars object with 2 dimensions and 1 attribute
    > attribute(s):
    > nitrogendioxide_summed_total_column
    > Min. :0.00005
    > 1st Qu.:0.00007
    > Median :0.00008
    > Mean :0.00009
    > 3rd Qu.:0.00009
    > Max. :0.00023
    > NA's :36
    > dimension(s):
    > from to offset delta refsys point
    > x 1 57 NA NA +proj=longlat +datum=WGS8... NA
    > y 1 35 NA NA +proj=longlat +datum=WGS8... NA
    > values
    > x [57x35] -5.59621,...,30.8488 [x]
    > y [57x35] 28.3605,...,51.1544 [y]
    > curvilinear grid
    > null device
    > 1
     Running ‘gridtypes.R’
     Comparing ‘gridtypes.Rout’ to ‘gridtypes.Rout.save’ ... OK
     Running ‘nc.R’
     Comparing ‘nc.Rout’ to ‘nc.Rout.save’ ...6c6
    < Reading layer `nc.gpkg' from data source `/home/ripley/R/Lib32/sf/gpkg/nc.gpkg' using driver `GPKG'
    ---
    > Reading layer `nc.gpkg' from data source `/home/edzer/R/x86_64-pc-linux-gnu-library/3.6/sf/gpkg/nc.gpkg' using driver `GPKG'
     Running ‘plot.R’
     Comparing ‘plot.Rout’ to ‘plot.Rout.save’ ... OK
     Running ‘predict.R’ [11s/13s]
     Comparing ‘predict.Rout’ to ‘predict.Rout.save’ ...28c28
    < [1] "/home/ripley/R/Lib32/stars/tif/L7_ETMs.tif"
    ---
    > [1] "/home/edzer/git/stars.Rcheck/stars/tif/L7_ETMs.tif"
    38c38
    < [1] "/home/ripley/R/Lib32/stars/tif/L7_ETMs.tif"
    ---
    > [1] "/home/edzer/git/stars.Rcheck/stars/tif/L7_ETMs.tif"
    56c56
    < [1] "/home/ripley/R/Lib32/stars/tif/L7_ETMs.tif"
    ---
    > [1] "/home/edzer/git/stars.Rcheck/stars/tif/L7_ETMs.tif"
     Running ‘proxy.R’
     Comparing ‘proxy.Rout’ to ‘proxy.Rout.save’ ...10c10
    < [1] "/home/ripley/R/Lib32/stars/tif/L7_ETMs.tif"
    ---
    > [1] "/home/edzer/git/stars.Rcheck/stars/tif/L7_ETMs.tif"
    24c24
    < [1] "/home/ripley/R/Lib32/stars/tif/L7_ETMs.tif"
    ---
    > [1] "/home/edzer/git/stars.Rcheck/stars/tif/L7_ETMs.tif"
    38c38
    < [1] "/home/ripley/R/Lib32/stars/tif/L7_ETMs.tif"
    ---
    > [1] "/home/edzer/git/stars.Rcheck/stars/tif/L7_ETMs.tif"
    67c67
    < [1] "/home/ripley/R/Lib32/stars/tif/L7_ETMs.tif"
    ---
    > [1] "/home/edzer/git/stars.Rcheck/stars/tif/L7_ETMs.tif"
    82c82
    < [1] "/home/ripley/R/Lib32/stars/tif/L7_ETMs.tif"
    ---
    > [1] "/home/edzer/git/stars.Rcheck/stars/tif/L7_ETMs.tif"
    85c85
    < [1] "/home/ripley/R/Lib32/stars/tif/L7_ETMs.tif"
    ---
    > [1] "/home/edzer/git/stars.Rcheck/stars/tif/L7_ETMs.tif"
    96c96
    < "/home/ripley/R/Lib32/stars/tif/L7_ETMs.tif"
    ---
    > "/home/edzer/git/stars.Rcheck/stars/tif/L7_ETMs.tif"
    98c98
    < "/home/ripley/R/Lib32/stars/tif/L7_ETMs.tif"
    ---
    > "/home/edzer/git/stars.Rcheck/stars/tif/L7_ETMs.tif"
    129c129
    < [1] "/home/ripley/R/Lib32/stars/tif/L7_ETMs.tif"
    ---
    > [1] "/home/edzer/git/stars.Rcheck/stars/tif/L7_ETMs.tif"
    157c157
    < [1] "/home/ripley/R/Lib32/stars/tif/L7_ETMs.tif"
    ---
    > [1] "/home/edzer/git/stars.Rcheck/stars/tif/L7_ETMs.tif"
    189c189
    < [1] "/home/ripley/R/Lib32/stars/tif/L7_ETMs.tif"
    ---
    > [1] "/home/edzer/git/stars.Rcheck/stars/tif/L7_ETMs.tif"
    225c225
    < [1] "/home/ripley/R/Lib32/stars/tif/L7_ETMs.tif"
    ---
    > [1] "/home/edzer/git/stars.Rcheck/stars/tif/L7_ETMs.tif"
    228c228
    < [1] "/home/ripley/R/Lib32/stars/tif/L7_ETMs.tif"
    ---
    > [1] "/home/edzer/git/stars.Rcheck/stars/tif/L7_ETMs.tif"
    239c239
    < [1] "/home/ripley/R/Lib32/stars/tif/L7_ETMs.tif"
    ---
    > [1] "/home/edzer/git/stars.Rcheck/stars/tif/L7_ETMs.tif"
    283a284,422
    > sst, anom,
    > sst, anom,
    > sst, anom,
    > sst, anom,
    > sst, anom,
    > sst, anom,
    > sst, anom,
    > sst, anom,
    > sst, anom,
    > stars_proxy object with 2 attributes in files:
    > $sst
    > avhrr-only-v2.19810901.nc
    > "NETCDF:\"/home/edzer/R/x86_64-pc-linux-gnu-library/3.6/starsdata/netcdf/avhrr-only-v2.19810901.nc\":sst"
    > avhrr-only-v2.19810902.nc
    > "NETCDF:\"/home/edzer/R/x86_64-pc-linux-gnu-library/3.6/starsdata/netcdf/avhrr-only-v2.19810902.nc\":sst"
    > avhrr-only-v2.19810903.nc
    > "NETCDF:\"/home/edzer/R/x86_64-pc-linux-gnu-library/3.6/starsdata/netcdf/avhrr-only-v2.19810903.nc\":sst"
    > avhrr-only-v2.19810904.nc
    > "NETCDF:\"/home/edzer/R/x86_64-pc-linux-gnu-library/3.6/starsdata/netcdf/avhrr-only-v2.19810904.nc\":sst"
    > avhrr-only-v2.19810905.nc
    > "NETCDF:\"/home/edzer/R/x86_64-pc-linux-gnu-library/3.6/starsdata/netcdf/avhrr-only-v2.19810905.nc\":sst"
    > avhrr-only-v2.19810906.nc
    > "NETCDF:\"/home/edzer/R/x86_64-pc-linux-gnu-library/3.6/starsdata/netcdf/avhrr-only-v2.19810906.nc\":sst"
    > avhrr-only-v2.19810907.nc
    > "NETCDF:\"/home/edzer/R/x86_64-pc-linux-gnu-library/3.6/starsdata/netcdf/avhrr-only-v2.19810907.nc\":sst"
    > avhrr-only-v2.19810908.nc
    > "NETCDF:\"/home/edzer/R/x86_64-pc-linux-gnu-library/3.6/starsdata/netcdf/avhrr-only-v2.19810908.nc\":sst"
    > avhrr-only-v2.19810909.nc
    > "NETCDF:\"/home/edzer/R/x86_64-pc-linux-gnu-library/3.6/starsdata/netcdf/avhrr-only-v2.19810909.nc\":sst"
    >
    > $anom
    > avhrr-only-v2.19810901.nc
    > "NETCDF:\"/home/edzer/R/x86_64-pc-linux-gnu-library/3.6/starsdata/netcdf/avhrr-only-v2.19810901.nc\":anom"
    > avhrr-only-v2.19810902.nc
    > "NETCDF:\"/home/edzer/R/x86_64-pc-linux-gnu-library/3.6/starsdata/netcdf/avhrr-only-v2.19810902.nc\":anom"
    > avhrr-only-v2.19810903.nc
    > "NETCDF:\"/home/edzer/R/x86_64-pc-linux-gnu-library/3.6/starsdata/netcdf/avhrr-only-v2.19810903.nc\":anom"
    > avhrr-only-v2.19810904.nc
    > "NETCDF:\"/home/edzer/R/x86_64-pc-linux-gnu-library/3.6/starsdata/netcdf/avhrr-only-v2.19810904.nc\":anom"
    > avhrr-only-v2.19810905.nc
    > "NETCDF:\"/home/edzer/R/x86_64-pc-linux-gnu-library/3.6/starsdata/netcdf/avhrr-only-v2.19810905.nc\":anom"
    > avhrr-only-v2.19810906.nc
    > "NETCDF:\"/home/edzer/R/x86_64-pc-linux-gnu-library/3.6/starsdata/netcdf/avhrr-only-v2.19810906.nc\":anom"
    > avhrr-only-v2.19810907.nc
    > "NETCDF:\"/home/edzer/R/x86_64-pc-linux-gnu-library/3.6/starsdata/netcdf/avhrr-only-v2.19810907.nc\":anom"
    > avhrr-only-v2.19810908.nc
    > "NETCDF:\"/home/edzer/R/x86_64-pc-linux-gnu-library/3.6/starsdata/netcdf/avhrr-only-v2.19810908.nc\":anom"
    > avhrr-only-v2.19810909.nc
    > "NETCDF:\"/home/edzer/R/x86_64-pc-linux-gnu-library/3.6/starsdata/netcdf/avhrr-only-v2.19810909.nc\":anom"
    >
    > dimension(s):
    > from to offset delta refsys point values
    > x 1 1440 0 0.25 NA NA NULL [x]
    > y 1 720 90 -0.25 NA NA NULL [y]
    > zlev 1 1 0 [m] NA NA NA NULL
    > time 1 9 1981-09-01 UTC 1 days POSIXct NA NULL
    > sst, anom,
    > sst, anom,
    > sst, anom,
    > sst, anom,
    > sst, anom,
    > sst, anom,
    > sst, anom,
    > sst, anom,
    > sst, anom,
    > stars object with 4 dimensions and 2 attributes
    > attribute(s), summary of first 1e+05 cells:
    > sst [C*°] anom [C*°]
    > Min. :-1.80 Min. :-4.69
    > 1st Qu.:-1.19 1st Qu.:-0.06
    > Median :-1.05 Median : 0.52
    > Mean :-0.32 Mean : 0.23
    > 3rd Qu.:-0.20 3rd Qu.: 0.71
    > Max. : 9.36 Max. : 3.70
    > NA's :13360 NA's :13360
    > dimension(s):
    > from to offset delta refsys point values
    > x 1 1440 0 0.25 NA NA NULL [x]
    > y 1 720 90 -0.25 NA NA NULL [y]
    > zlev 1 1 0 [m] NA NA NA NULL
    > time 1 9 1981-09-01 UTC 1 days POSIXct NA NULL
    > stars object with 5 dimensions and 1 attribute
    > attribute(s), summary of first 1e+05 cells:
    > sst.anom
    > Min. :-1.80
    > 1st Qu.:-1.19
    > Median :-1.05
    > Mean :-0.32
    > 3rd Qu.:-0.20
    > Max. : 9.36
    > NA's :13360
    > dimension(s):
    > from to offset delta refsys point values
    > x 1 1440 0 0.25 NA NA NULL [x]
    > y 1 720 90 -0.25 NA NA NULL [y]
    > zlev 1 1 0 [m] NA NA NA NULL
    > time 1 9 1981-09-01 UTC 1 days POSIXct NA NULL
    > new_dim 1 2 NA NA NA NA sst , anom
    > Error in c.stars_proxy(l[[1]], l[[2]], l[[3]], along = list(times = as.Date("1981-09-01") + :
    > for proxy objects, along argument is not implemented
    > stars_proxy object with 2 attributes in files:
    > $sst
    > [1] "NETCDF:\"/home/edzer/R/x86_64-pc-linux-gnu-library/3.6/starsdata/netcdf/avhrr-only-v2.19810901.nc\":sst"
    > [2] "NETCDF:\"/home/edzer/R/x86_64-pc-linux-gnu-library/3.6/starsdata/netcdf/avhrr-only-v2.19810902.nc\":sst"
    > [3] "NETCDF:\"/home/edzer/R/x86_64-pc-linux-gnu-library/3.6/starsdata/netcdf/avhrr-only-v2.19810903.nc\":sst"
    >
    > $anom
    > [1] "NETCDF:\"/home/edzer/R/x86_64-pc-linux-gnu-library/3.6/starsdata/netcdf/avhrr-only-v2.19810901.nc\":anom"
    > [2] "NETCDF:\"/home/edzer/R/x86_64-pc-linux-gnu-library/3.6/starsdata/netcdf/avhrr-only-v2.19810902.nc\":anom"
    > [3] "NETCDF:\"/home/edzer/R/x86_64-pc-linux-gnu-library/3.6/starsdata/netcdf/avhrr-only-v2.19810903.nc\":anom"
    >
    > dimension(s):
    > from to offset delta refsys point values
    > x 1 1440 0 0.25 NA NA NULL [x]
    > y 1 720 90 -0.25 NA NA NULL [y]
    > zlev 1 1 0 [m] NA NA NA NULL
    > time 1 1 1981-09-01 UTC NA POSIXct NA NULL
    > times 1 3 NA NA NA NA NULL
    > call list:
    > [[1]]
    > adrop(x = x)
    >
    > [[2]]
    > adrop(x = x)
    >
    > stars_proxy object with 1 attribute in files:
    > $sst.anom
    > sst
    > "NETCDF:\"/home/edzer/R/x86_64-pc-linux-gnu-library/3.6/starsdata/netcdf/avhrr-only-v2.19810901.nc\":sst"
    > anom
    > "NETCDF:\"/home/edzer/R/x86_64-pc-linux-gnu-library/3.6/starsdata/netcdf/avhrr-only-v2.19810901.nc\":anom"
    >
    > dimension(s):
    > from to offset delta refsys point values
    > x 1 1440 0 0.25 NA NA NULL [x]
    > y 1 720 90 -0.25 NA NA NULL [y]
    > zlev 1 1 0 [m] NA NA NA NULL
    > time 1 1 1981-09-01 UTC NA POSIXct NA NULL
    > times 1 2 1981-09-01 1 days Date NA NULL
     Running ‘raster.R’
     Comparing ‘raster.Rout’ to ‘raster.Rout.save’ ... OK
     Running ‘rasterize.R’
     Comparing ‘rasterize.Rout’ to ‘rasterize.Rout.save’ ...5c5
    < Reading layer `nc.gpkg' from data source `/home/ripley/R/Lib32/sf/gpkg/nc.gpkg' using driver `GPKG'
    ---
    > Reading layer `nc.gpkg' from data source `/home/edzer/R/x86_64-pc-linux-gnu-library/3.6/sf/gpkg/nc.gpkg' using driver `GPKG'
    77c77
    < "2.2.4"
    ---
    > "2.4.0"
     Running ‘rectilinear.R’
     Comparing ‘rectilinear.Rout’ to ‘rectilinear.Rout.save’ ... OK
     Running ‘redimension.R’ [7s/12s]
     Comparing ‘redimension.Rout’ to ‘redimension.Rout.save’ ...10c10
    < "/home/ripley/R/Lib32/stars/tif/L7_ETMs.tif"
    ---
    > "/home/edzer/git/stars.Rcheck/stars/tif/L7_ETMs.tif"
    12c12
    < "/home/ripley/R/Lib32/stars/tif/L7_ETMs.tif"
    ---
    > "/home/edzer/git/stars.Rcheck/stars/tif/L7_ETMs.tif"
    14c14
    < "/home/ripley/R/Lib32/stars/tif/L7_ETMs.tif"
    ---
    > "/home/edzer/git/stars.Rcheck/stars/tif/L7_ETMs.tif"
    16c16
    < "/home/ripley/R/Lib32/stars/tif/L7_ETMs.tif"
    ---
    > "/home/edzer/git/stars.Rcheck/stars/tif/L7_ETMs.tif"
    28c28
    < "/home/ripley/R/Lib32/stars/tif/L7_ETMs.tif"
    ---
    > "/home/edzer/git/stars.Rcheck/stars/tif/L7_ETMs.tif"
    30c30
    < "/home/ripley/R/Lib32/stars/tif/L7_ETMs.tif"
    ---
    > "/home/edzer/git/stars.Rcheck/stars/tif/L7_ETMs.tif"
    32c32
    < "/home/ripley/R/Lib32/stars/tif/L7_ETMs.tif"
    ---
    > "/home/edzer/git/stars.Rcheck/stars/tif/L7_ETMs.tif"
    34c34
    < "/home/ripley/R/Lib32/stars/tif/L7_ETMs.tif"
    ---
    > "/home/edzer/git/stars.Rcheck/stars/tif/L7_ETMs.tif"
    38c38
    < "/home/ripley/R/Lib32/stars/tif/L7_ETMs.tif"
    ---
    > "/home/edzer/git/stars.Rcheck/stars/tif/L7_ETMs.tif"
    40c40
    < "/home/ripley/R/Lib32/stars/tif/L7_ETMs.tif"
    ---
    > "/home/edzer/git/stars.Rcheck/stars/tif/L7_ETMs.tif"
    42c42
    < "/home/ripley/R/Lib32/stars/tif/L7_ETMs.tif"
    ---
    > "/home/edzer/git/stars.Rcheck/stars/tif/L7_ETMs.tif"
    44c44
    < "/home/ripley/R/Lib32/stars/tif/L7_ETMs.tif"
    ---
    > "/home/edzer/git/stars.Rcheck/stars/tif/L7_ETMs.tif"
    84c84
    < "/home/ripley/R/Lib32/stars/tif/L7_ETMs.tif"
    ---
    > "/home/edzer/git/stars.Rcheck/stars/tif/L7_ETMs.tif"
    86c86
    < "/home/ripley/R/Lib32/stars/tif/L7_ETMs.tif"
    ---
    > "/home/edzer/git/stars.Rcheck/stars/tif/L7_ETMs.tif"
    88c88
    < "/home/ripley/R/Lib32/stars/tif/L7_ETMs.tif"
    ---
    > "/home/edzer/git/stars.Rcheck/stars/tif/L7_ETMs.tif"
    90c90
    < "/home/ripley/R/Lib32/stars/tif/L7_ETMs.tif"
    ---
    > "/home/edzer/git/stars.Rcheck/stars/tif/L7_ETMs.tif"
    92c92
    < "/home/ripley/R/Lib32/stars/tif/L7_ETMs.tif"
    ---
    > "/home/edzer/git/stars.Rcheck/stars/tif/L7_ETMs.tif"
    94c94
    < "/home/ripley/R/Lib32/stars/tif/L7_ETMs.tif"
    ---
    > "/home/edzer/git/stars.Rcheck/stars/tif/L7_ETMs.tif"
    96c96
    < "/home/ripley/R/Lib32/stars/tif/L7_ETMs.tif"
    ---
    > "/home/edzer/git/stars.Rcheck/stars/tif/L7_ETMs.tif"
    98c98
    < "/home/ripley/R/Lib32/stars/tif/L7_ETMs.tif"
    ---
    > "/home/edzer/git/stars.Rcheck/stars/tif/L7_ETMs.tif"
     Running ‘sf.R’
     Comparing ‘sf.Rout’ to ‘sf.Rout.save’ ... OK
     Running ‘sp.R’
     Comparing ‘sp.Rout’ to ‘sp.Rout.save’ ... OK
     Running ‘spacetime.R’
     Comparing ‘spacetime.Rout’ to ‘spacetime.Rout.save’ ... OK
     Running ‘stars.R’ [17s/18s]
     Comparing ‘stars.Rout’ to ‘stars.Rout.save’ ...547a548,602
    > sst, anom,
    > sst, anom,
    > sst, anom,
    > sst, anom,
    > sst, anom,
    > sst, anom,
    > sst, anom,
    > sst, anom,
    > sst, anom,
    > stars object with 4 dimensions and 2 attributes
    > attribute(s), summary of first 1e+05 cells:
    > sst [C*°] anom [C*°]
    > Min. :-1.80 Min. :-4.69
    > 1st Qu.:-1.19 1st Qu.:-0.06
    > Median :-1.05 Median : 0.52
    > Mean :-0.32 Mean : 0.23
    > 3rd Qu.:-0.20 3rd Qu.: 0.71
    > Max. : 9.36 Max. : 3.70
    > NA's :13360 NA's :13360
    > dimension(s):
    > from to offset delta refsys point values
    > x 1 1440 0 0.25 NA NA NULL [x]
    > y 1 720 90 -0.25 NA NA NULL [y]
    > zlev 1 1 0 [m] NA NA NA NULL
    > time 1 9 1981-09-01 UTC 1 days POSIXct NA NULL
    > stars object with 3 dimensions and 2 attributes
    > attribute(s), summary of first 1e+05 cells:
    > sst [C*°] anom [C*°]
    > Min. :-1.80 Min. :-4.69
    > 1st Qu.:-1.19 1st Qu.:-0.06
    > Median :-1.05 Median : 0.52
    > Mean :-0.32 Mean : 0.23
    > 3rd Qu.:-0.20 3rd Qu.: 0.71
    > Max. : 9.36 Max. : 3.70
    > NA's :13360 NA's :13360
    > dimension(s):
    > from to offset delta refsys point values
    > x 1 1440 0 0.25 NA NA NULL [x]
    > y 1 720 90 -0.25 NA NA NULL [y]
    > times 1 3 1981-09-01 1 days Date NA NULL
    > stars object with 3 dimensions and 2 attributes
    > attribute(s), summary of first 1e+05 cells:
    > sst [C*°] anom [C*°]
    > Min. :-1.80 Min. :-4.69
    > 1st Qu.:-1.19 1st Qu.:-0.06
    > Median :-1.05 Median : 0.52
    > Mean :-0.32 Mean : 0.23
    > 3rd Qu.:-0.20 3rd Qu.: 0.71
    > Max. : 9.36 Max. : 3.70
    > NA's :13360 NA's :13360
    > dimension(s):
    > from to offset delta refsys point values
    > x 1 1440 0 0.25 NA NA NULL [x]
    > y 1 720 90 -0.25 NA NA NULL [y]
    > times 1 3 NA NA NA NA NULL
     Running ‘subset.R’
     Comparing ‘subset.Rout’ to ‘subset.Rout.save’ ... OK
     Running ‘testthat.R’ [16s/16s]
     Running ‘tidy.R’ [22s/22s]
     Comparing ‘tidy.Rout’ to ‘tidy.Rout.save’ ... OK
     Running ‘transform.R’
     Comparing ‘transform.Rout’ to ‘transform.Rout.save’ ...32c32
    < Linking to liblwgeom 2.5.0dev r16016, GEOS 3.6.3, PROJ 5.2.0
    ---
    > Linking to liblwgeom 2.5.0dev r16016, GEOS 3.7.0, PROJ 5.2.0
     Running ‘warp.R’
     Comparing ‘warp.Rout’ to ‘warp.Rout.save’ ... OK
     Running ‘write.R’
     Comparing ‘write.Rout’ to ‘write.Rout.save’ ...29c29
    < [1] "/home/ripley/R/Lib32/stars/tif/L7_ETMs.tif"
    ---
    > [1] "/home/edzer/git/stars.Rcheck/stars/tif/L7_ETMs.tif"
    Running the tests in ‘tests/testthat.R’ failed.
    Complete output:
     > ## load dependencies
     > library(testthat)
     > suppressPackageStartupMessages(library(stars))
     >
     > ## test package
     > test_check("stars")
     ── 1. Error: timeseries.nc (@test_ncdf.R#142) ─────────────────────────────────
     RNetCDF was built without UDUNITS-2
     1: read_ncdf(f) at testthat/test_ncdf.R:142
     2: st_as_stars(ncdfgeom::read_timeseries_dsg(.x), sf_geometry = geom)
     3: ncdfgeom::read_timeseries_dsg(.x)
     4: utcal.nc(time_units$value[[1]], time_vals, type = "c")
    
     ── 2. Error: basic st_as_stars (@test_st_as_stars.R#6) ────────────────────────
     RNetCDF was built without UDUNITS-2
     1: ncdfgeom::read_timeseries_dsg(f) at testthat/test_st_as_stars.R:6
     2: utcal.nc(time_units$value[[1]], time_vals, type = "c")
    
     ══ testthat results ═══════════════════════════════════════════════════════════
     [ OK: 79 | SKIPPED: 0 | WARNINGS: 0 | FAILED: 2 ]
     1. Error: timeseries.nc (@test_ncdf.R#142)
     2. Error: basic st_as_stars (@test_st_as_stars.R#6)
    
     Error: testthat unit tests failed
     Execution halted
Flavor: r-patched-solaris-x86