CRAN Package Check Results for Package starwarsdb

Last updated on 2021-10-22 01:55:21 CEST.

Flavor Version Tinstall Tcheck Ttotal Status Flags
r-devel-linux-x86_64-debian-clang 0.1.2 2.02 32.28 34.30 OK
r-devel-linux-x86_64-debian-gcc 0.1.2 1.68 25.07 26.75 OK
r-devel-linux-x86_64-fedora-clang 0.1.2 51.65 NOTE
r-devel-linux-x86_64-fedora-gcc 0.1.2 50.91 NOTE
r-devel-windows-x86_64 0.1.2 5.00 44.00 49.00 OK
r-devel-windows-x86_64-gcc10-UCRT 0.1.2 ERROR
r-patched-linux-x86_64 0.1.2 2.33 31.13 33.46 OK
r-patched-solaris-x86 0.1.2 67.60 NOTE
r-release-linux-x86_64 0.1.2 2.10 31.30 33.40 OK
r-release-macos-arm64 0.1.2 NOTE
r-release-macos-x86_64 0.1.2 NOTE
r-release-windows-ix86+x86_64 0.1.2 4.00 50.00 54.00 OK
r-oldrel-macos-x86_64 0.1.2 NOTE
r-oldrel-windows-ix86+x86_64 0.1.2 6.00 51.00 57.00 OK

Check Details

Version: 0.1.2
Check: data for non-ASCII characters
Result: NOTE
     Note: found 14 marked UTF-8 strings
Flavors: r-devel-linux-x86_64-fedora-clang, r-devel-linux-x86_64-fedora-gcc, r-devel-windows-x86_64-gcc10-UCRT, r-patched-solaris-x86, r-release-macos-arm64, r-release-macos-x86_64, r-oldrel-macos-x86_64

Version: 0.1.2
Check: package dependencies
Result: NOTE
    Package suggested but not available for checking: 'dm'
Flavor: r-devel-windows-x86_64-gcc10-UCRT

Version: 0.1.2
Check: Rd cross-references
Result: NOTE
    Package unavailable to check Rd xrefs: 'dm'
Flavor: r-devel-windows-x86_64-gcc10-UCRT

Version: 0.1.2
Check: tests
Result: ERROR
     Running 'testthat.R'
    Running the tests in 'tests/testthat.R' failed.
    Complete output:
     > library(testthat)
     > library(starwarsdb)
     >
     > test_check("starwarsdb")
     ══ Failed tests ════════════════════════════════════════════════════════════════
     ── Error (test-dm.R:2:3): starwars_dm local full ───────────────────────────────
     Error: starwars_dm() requires the {dm} package: install.packages('dm')
     Backtrace:
     █
     1. └─starwarsdb::starwars_dm() test-dm.R:2:2
     2. └─starwarsdb:::requires_dm("starwars_dm()")
     ── Error (test-dm.R:18:3): starwars_dm local unconfigured ──────────────────────
     Error: starwars_dm() requires the {dm} package: install.packages('dm')
     Backtrace:
     █
     1. └─starwarsdb::starwars_dm(configure_dm = FALSE) test-dm.R:18:2
     2. └─starwarsdb:::requires_dm("starwars_dm()")
     ── Error (test-dm.R:27:3): starwars_dm remote full ─────────────────────────────
     Error: starwars_dm() requires the {dm} package: install.packages('dm')
     Backtrace:
     █
     1. └─starwarsdb::starwars_dm(remote = TRUE) test-dm.R:27:2
     2. └─starwarsdb:::requires_dm("starwars_dm()")
     ── Error (test-dm.R:45:3): starwars_dm remote unconfigured ─────────────────────
     Error: starwars_dm() requires the {dm} package: install.packages('dm')
     Backtrace:
     █
     1. └─starwarsdb::starwars_dm(remote = TRUE, configure_dm = FALSE) test-dm.R:45:2
     2. └─starwarsdb:::requires_dm("starwars_dm()")
    
     [ FAIL 4 | WARN 0 | SKIP 0 | PASS 15 ]
     Error: Test failures
     Execution halted
Flavor: r-devel-windows-x86_64-gcc10-UCRT