CRAN Package Check Results for Package statVisual

Last updated on 2020-09-22 02:17:33 CEST.

Flavor Version Tinstall Tcheck Ttotal Status Flags
r-devel-linux-x86_64-debian-clang 1.2.1 20.89 201.99 222.88 OK
r-devel-linux-x86_64-debian-gcc 1.2.1 14.43 153.80 168.23 OK
r-devel-linux-x86_64-fedora-clang 1.2.1 309.57 NOTE
r-devel-linux-x86_64-fedora-gcc 1.2.1 262.81 NOTE
r-devel-windows-ix86+x86_64 1.2.1 43.00 208.00 251.00 OK
r-patched-linux-x86_64 1.2.1 12.65 190.60 203.25 OK
r-patched-solaris-x86 1.2.1 336.90 NOTE
r-release-linux-x86_64 1.2.1 14.22 190.75 204.97 OK
r-release-macos-x86_64 1.2.1 ERROR
r-release-windows-ix86+x86_64 1.2.1 41.00 250.00 291.00 OK
r-oldrel-macos-x86_64 1.2.1 NOTE
r-oldrel-windows-ix86+x86_64 1.2.1 25.00 258.00 283.00 OK

Check Details

Version: 1.2.1
Check: package dependencies
Result: NOTE
    Imports includes 23 non-default packages.
    Importing from so many packages makes the package vulnerable to any of
    them becoming unavailable. Move as many as possible to Suggests and
    use conditionally.
Flavor: r-devel-linux-x86_64-fedora-clang

Version: 1.2.1
Check: dependencies in R code
Result: NOTE
    Namespaces in Imports field not imported from:
     ‘gbm’ ‘ggfortify’ ‘tibble’ ‘tidyverse’
     All declared Imports should be used.
Flavors: r-devel-linux-x86_64-fedora-clang, r-devel-linux-x86_64-fedora-gcc, r-patched-solaris-x86, r-oldrel-macos-x86_64

Version: 1.2.1
Check: package dependencies
Result: ERROR
    Package required but not available: ‘pvca’
    
    See section ‘The DESCRIPTION file’ in the ‘Writing R Extensions’
    manual.
Flavor: r-release-macos-x86_64