Last updated on 2023-11-30 08:50:10 CET.
Flavor | Version | Tinstall | Tcheck | Ttotal | Status | Flags |
---|---|---|---|---|---|---|
r-devel-linux-x86_64-debian-clang | 0.5.1 | 3.72 | 77.75 | 81.47 | NOTE | |
r-devel-linux-x86_64-debian-gcc | 0.5.1 | 3.41 | 58.44 | 61.85 | NOTE | |
r-devel-linux-x86_64-fedora-clang | 0.5.1 | 96.87 | NOTE | |||
r-devel-linux-x86_64-fedora-gcc | 0.5.1 | 97.01 | NOTE | |||
r-devel-windows-x86_64 | 0.5.1 | 5.00 | 83.00 | 88.00 | NOTE | |
r-patched-linux-x86_64 | 0.5.1 | 3.19 | 75.46 | 78.65 | NOTE | |
r-release-linux-x86_64 | 0.5.1 | 2.71 | 75.97 | 78.68 | NOTE | |
r-release-macos-arm64 | 0.5.1 | 36.00 | NOTE | |||
r-release-macos-x86_64 | 0.5.1 | 55.00 | NOTE | |||
r-release-windows-x86_64 | 0.5.1 | 6.00 | 94.00 | 100.00 | NOTE | |
r-oldrel-macos-arm64 | 0.5.1 | 32.00 | NOTE | |||
r-oldrel-macos-x86_64 | 0.5.1 | 61.00 | NOTE | |||
r-oldrel-windows-x86_64 | 0.5.1 | 7.00 | 96.00 | 103.00 | NOTE |
Version: 0.5.1
Check: LazyData
Result: NOTE
'LazyData' is specified without a 'data' directory
Flavors: r-devel-linux-x86_64-debian-clang, r-devel-linux-x86_64-debian-gcc, r-devel-linux-x86_64-fedora-clang, r-devel-linux-x86_64-fedora-gcc, r-devel-windows-x86_64, r-patched-linux-x86_64, r-release-linux-x86_64, r-release-macos-arm64, r-release-macos-x86_64, r-release-windows-x86_64, r-oldrel-macos-arm64, r-oldrel-macos-x86_64, r-oldrel-windows-x86_64