Last updated on 2023-02-08 02:03:28 CET.
Flavor | Version | Tinstall | Tcheck | Ttotal | Status | Flags |
---|---|---|---|---|---|---|
r-devel-linux-x86_64-debian-clang | 0.2.1 | 5.04 | 208.38 | 213.42 | OK | |
r-devel-linux-x86_64-debian-gcc | 0.2.1 | 2.70 | 148.65 | 151.35 | OK | |
r-devel-linux-x86_64-fedora-clang | 0.2.1 | 246.10 | OK | |||
r-devel-linux-x86_64-fedora-gcc | 0.2.1 | 253.64 | OK | |||
r-devel-windows-x86_64 | 0.2.1 | 44.00 | 247.00 | 291.00 | OK | |
r-patched-linux-x86_64 | 0.2.1 | 7.34 | 186.86 | 194.20 | OK | |
r-release-linux-x86_64 | 0.2.1 | 4.53 | 192.04 | 196.57 | OK | |
r-release-macos-arm64 | 0.2.1 | 88.00 | OK | |||
r-release-macos-x86_64 | 0.2.1 | 95.00 | OK | |||
r-release-windows-x86_64 | 0.2.1 | 24.00 | 242.00 | 266.00 | OK | |
r-oldrel-macos-arm64 | 0.2.1 | 84.00 | WARN | |||
r-oldrel-macos-x86_64 | 0.2.1 | 105.00 | WARN | |||
r-oldrel-windows-ix86+x86_64 | 0.2.1 | 9.00 | 226.00 | 235.00 | OK |
Version: 0.2.1
Check: Rd cross-references
Result: WARN
Missing link or links in documentation object 'print.std_selected.Rd':
‘print.lm’
See section 'Cross-references' in the 'Writing R Extensions' manual.
Flavors: r-oldrel-macos-arm64, r-oldrel-macos-x86_64