Last updated on 2023-06-07 08:02:03 CEST.
Flavor | Version | Tinstall | Tcheck | Ttotal | Status | Flags |
---|---|---|---|---|---|---|
r-devel-linux-x86_64-debian-clang | 0.1.0 | 6.23 | 55.53 | 61.76 | OK | |
r-devel-linux-x86_64-debian-gcc | 0.1.0 | 4.71 | 42.22 | 46.93 | OK | |
r-devel-linux-x86_64-fedora-clang | 0.1.0 | 82.42 | NOTE | |||
r-devel-linux-x86_64-fedora-gcc | 0.1.0 | 72.66 | NOTE | |||
r-devel-windows-x86_64 | 0.1.0 | 8.00 | 62.00 | 70.00 | OK | |
r-patched-linux-x86_64 | 0.1.0 | 5.39 | 52.79 | 58.18 | OK | |
r-release-linux-x86_64 | 0.1.0 | 5.96 | 52.78 | 58.74 | OK | |
r-release-macos-arm64 | 0.1.0 | 37.00 | OK | |||
r-release-macos-x86_64 | 0.1.0 | 42.00 | OK | |||
r-release-windows-x86_64 | 0.1.0 | 9.00 | 69.00 | 78.00 | OK | |
r-oldrel-macos-arm64 | 0.1.0 | 34.00 | OK | |||
r-oldrel-macos-x86_64 | 0.1.0 | 46.00 | OK | |||
r-oldrel-windows-x86_64 | 0.1.0 | 9.00 | 72.00 | 81.00 | OK |
Version: 0.1.0
Check: data for non-ASCII characters
Result: NOTE
Note: found 240 marked UTF-8 strings
Flavors: r-devel-linux-x86_64-fedora-clang, r-devel-linux-x86_64-fedora-gcc