Last updated on 2021-01-27 00:48:42 CET.
Flavor | Version | Tinstall | Tcheck | Ttotal | Status | Flags |
---|---|---|---|---|---|---|
r-devel-linux-x86_64-debian-clang | 0.1.2 | 7.44 | 75.09 | 82.53 | OK | |
r-devel-linux-x86_64-debian-gcc | 0.1.2 | 6.42 | 57.06 | 63.48 | OK | |
r-devel-linux-x86_64-fedora-clang | 0.1.2 | 107.51 | NOTE | |||
r-devel-linux-x86_64-fedora-gcc | 0.1.2 | 95.79 | NOTE | |||
r-devel-windows-ix86+x86_64 | 0.1.2 | 19.00 | 97.00 | 116.00 | OK | |
r-patched-linux-x86_64 | 0.1.2 | 7.53 | 70.28 | 77.81 | OK | |
r-patched-solaris-x86 | 0.1.2 | 147.70 | NOTE | |||
r-release-linux-x86_64 | 0.1.2 | 8.01 | 70.56 | 78.57 | OK | |
r-release-macos-x86_64 | 0.1.2 | NOTE | ||||
r-release-windows-ix86+x86_64 | 0.1.2 | 18.00 | 77.00 | 95.00 | OK | |
r-oldrel-macos-x86_64 | 0.1.2 | NOTE | ||||
r-oldrel-windows-ix86+x86_64 | 0.1.2 | 12.00 | 95.00 | 107.00 | OK |
Version: 0.1.2
Check: dependencies in R code
Result: NOTE
Namespace in Imports field not imported from: ‘tibble’
All declared Imports should be used.
Flavors: r-devel-linux-x86_64-fedora-clang, r-devel-linux-x86_64-fedora-gcc, r-patched-solaris-x86, r-release-macos-x86_64, r-oldrel-macos-x86_64