Last updated on 2023-06-05 07:53:07 CEST.
Flavor | Version | Tinstall | Tcheck | Ttotal | Status | Flags |
---|---|---|---|---|---|---|
r-devel-linux-x86_64-debian-clang | 0.5.1 | 35.64 | 41.51 | 77.15 | NOTE | |
r-devel-linux-x86_64-debian-gcc | 0.5.1 | 24.62 | 32.35 | 56.97 | NOTE | |
r-devel-linux-x86_64-fedora-clang | 0.5.1 | 121.13 | NOTE | |||
r-devel-linux-x86_64-fedora-gcc | 0.5.1 | 102.89 | NOTE | |||
r-devel-windows-x86_64 | 0.5.1 | 24.00 | 66.00 | 90.00 | NOTE | |
r-patched-linux-x86_64 | 0.5.1 | 27.81 | 40.03 | 67.84 | NOTE | |
r-release-linux-x86_64 | 0.5.1 | 30.87 | 39.75 | 70.62 | NOTE | |
r-release-macos-arm64 | 0.5.1 | 32.00 | NOTE | |||
r-release-macos-x86_64 | 0.5.1 | 48.00 | NOTE | |||
r-release-windows-x86_64 | 0.5.1 | 35.00 | 76.00 | 111.00 | NOTE | |
r-oldrel-macos-arm64 | 0.5.1 | 30.00 | NOTE | |||
r-oldrel-macos-x86_64 | 0.5.1 | 43.00 | NOTE | |||
r-oldrel-windows-x86_64 | 0.5.1 | 34.00 | 78.00 | 112.00 | NOTE |
Version: 0.5.1
Check: LazyData
Result: NOTE
'LazyData' is specified without a 'data' directory
Flavors: r-devel-linux-x86_64-debian-clang, r-devel-linux-x86_64-debian-gcc, r-devel-linux-x86_64-fedora-clang, r-devel-linux-x86_64-fedora-gcc, r-devel-windows-x86_64, r-patched-linux-x86_64, r-release-linux-x86_64, r-release-macos-arm64, r-release-macos-x86_64, r-release-windows-x86_64, r-oldrel-macos-arm64, r-oldrel-macos-x86_64, r-oldrel-windows-x86_64
Version: 0.5.1
Check: compiled code
Result: NOTE
File ‘stlplus/libs/stlplus.so’:
Found no calls to: ‘R_registerRoutines’, ‘R_useDynamicSymbols’
It is good practice to register native routines and to disable symbol
search.
See ‘Writing portable packages’ in the ‘Writing R Extensions’ manual.
Flavors: r-devel-linux-x86_64-fedora-clang, r-devel-linux-x86_64-fedora-gcc