CRAN Package Check Results for Package stlplus

Last updated on 2019-12-13 01:52:14 CET.

Flavor Version Tinstall Tcheck Ttotal Status Flags
r-devel-linux-x86_64-debian-clang 0.5.1 32.27 37.36 69.63 OK
r-devel-linux-x86_64-debian-gcc 0.5.1 18.76 29.79 48.55 OK
r-devel-linux-x86_64-fedora-clang 0.5.1 90.31 NOTE
r-devel-linux-x86_64-fedora-gcc 0.5.1 82.38 NOTE
r-devel-windows-ix86+x86_64 0.5.1 65.00 99.00 164.00 OK
r-devel-windows-ix86+x86_64-gcc8 0.5.1 58.00 107.00 165.00 OK
r-patched-linux-x86_64 0.5.1 21.07 33.80 54.87 OK
r-patched-solaris-x86 0.5.1 94.70 OK
r-release-linux-x86_64 0.5.1 21.25 34.69 55.94 OK
r-release-windows-ix86+x86_64 0.5.1 50.00 73.00 123.00 OK
r-release-osx-x86_64 0.5.1 OK
r-oldrel-windows-ix86+x86_64 0.5.1 43.00 74.00 117.00 OK
r-oldrel-osx-x86_64 0.5.1 OK

Check Details

Version: 0.5.1
Check: compiled code
Result: NOTE
    File ‘stlplus/libs/stlplus.so’:
     Found no calls to: ‘R_registerRoutines’, ‘R_useDynamicSymbols’
    
    It is good practice to register native routines and to disable symbol
    search.
    
    See ‘Writing portable packages’ in the ‘Writing R Extensions’ manual.
Flavors: r-devel-linux-x86_64-fedora-clang, r-devel-linux-x86_64-fedora-gcc