CRAN Package Check Results for Package stminsights

Last updated on 2021-03-06 00:47:52 CET.

Flavor Version Tinstall Tcheck Ttotal Status Flags
r-devel-linux-x86_64-debian-clang 0.3.0 12.47 125.56 138.03 OK
r-devel-linux-x86_64-debian-gcc 0.3.0 9.91 96.09 106.00 OK
r-devel-linux-x86_64-fedora-clang 0.3.0 164.31 NOTE
r-devel-linux-x86_64-fedora-gcc 0.3.0 155.21 NOTE
r-devel-windows-ix86+x86_64 0.3.0 31.00 130.00 161.00 OK
r-patched-linux-x86_64 0.3.0 OK
r-patched-solaris-x86 0.3.0 243.40 NOTE
r-release-linux-x86_64 0.3.0 8.29 114.30 122.59 OK
r-release-macos-x86_64 0.3.0 NOTE
r-release-windows-ix86+x86_64 0.3.0 19.00 107.00 126.00 OK
r-oldrel-macos-x86_64 0.3.0 NOTE
r-oldrel-windows-ix86+x86_64 0.3.0 18.00 102.00 120.00 OK

Check Details

Version: 0.3.0
Check: dependencies in R code
Result: NOTE
    Namespaces in Imports field not imported from:
     ‘huge’ ‘readr’ ‘scales’ ‘shinyjs’
     All declared Imports should be used.
Flavors: r-devel-linux-x86_64-fedora-clang, r-devel-linux-x86_64-fedora-gcc, r-patched-solaris-x86, r-release-macos-x86_64, r-oldrel-macos-x86_64