CRAN Package Check Results for Package stochvol

Last updated on 2021-05-09 01:47:09 CEST.

Flavor Version Tinstall Tcheck Ttotal Status Flags
r-devel-linux-x86_64-debian-clang 3.0.4 136.75 114.55 251.30 OK
r-devel-linux-x86_64-debian-gcc 3.0.4 93.89 88.73 182.62 OK
r-devel-linux-x86_64-fedora-clang 3.0.4 346.86 NOTE
r-devel-linux-x86_64-fedora-gcc 3.0.4 335.89 OK
r-devel-windows-ix86+x86_64 3.0.4 244.00 200.00 444.00 NOTE
r-devel-windows-x86_64-gcc10-UCRT 3.0.4 OK
r-patched-linux-x86_64 3.0.4 110.80 110.35 221.15 OK
r-patched-solaris-x86 3.0.4 681.10 OK
r-release-linux-x86_64 3.0.4 109.11 108.95 218.06 OK
r-release-macos-x86_64 3.0.4 NOTE
r-release-windows-ix86+x86_64 3.0.4 236.00 155.00 391.00 NOTE
r-oldrel-macos-x86_64 3.0.4 NOTE
r-oldrel-windows-ix86+x86_64 3.0.4 290.00 188.00 478.00 NOTE

Check Details

Version: 3.0.4
Check: installed package size
Result: NOTE
     installed size is 8.4Mb
     sub-directories of 1Mb or more:
     doc 2.5Mb
     libs 5.3Mb
Flavors: r-devel-linux-x86_64-fedora-clang, r-devel-windows-ix86+x86_64, r-release-macos-x86_64, r-release-windows-ix86+x86_64, r-oldrel-macos-x86_64, r-oldrel-windows-ix86+x86_64