CRAN Package Check Results for Package stormwindmodel

Last updated on 2021-01-17 00:48:27 CET.

Flavor Version Tinstall Tcheck Ttotal Status Flags
r-devel-linux-x86_64-debian-clang 0.1.4 4.95 250.52 255.47 OK
r-devel-linux-x86_64-debian-gcc 0.1.4 4.19 180.53 184.72 OK
r-devel-linux-x86_64-fedora-clang 0.1.4 303.90 OK
r-devel-linux-x86_64-fedora-gcc 0.1.4 295.49 OK
r-devel-windows-ix86+x86_64 0.1.4 8.00 256.00 264.00 OK
r-patched-linux-x86_64 0.1.4 5.20 236.66 241.86 OK
r-patched-solaris-x86 0.1.4 440.80 OK
r-release-linux-x86_64 0.1.4 5.61 238.63 244.24 OK
r-release-macos-x86_64 0.1.4 OK
r-release-windows-ix86+x86_64 0.1.4 10.00 235.00 245.00 OK
r-oldrel-macos-x86_64 0.1.4 ERROR
r-oldrel-windows-ix86+x86_64 0.1.3 9.00 287.00 296.00 WARN

Check Details

Version: 0.1.4
Check: whether package can be installed
Result: ERROR
    Installation failed.
Flavor: r-oldrel-macos-x86_64

Version: 0.1.3
Check: re-building of vignette outputs
Result: WARN
    Error(s) in re-building vignettes:
    --- re-building 'Details.Rmd' using rmarkdown
    
    Attaching package: 'dplyr'
    
    The following objects are masked from 'package:stats':
    
     filter, lag
    
    The following objects are masked from 'package:base':
    
     intersect, setdiff, setequal, union
    
    
    Attaching package: 'gridExtra'
    
    The following object is masked from 'package:dplyr':
    
     combine
    
    Linking to GEOS 3.8.0, GDAL 3.0.4, PROJ 6.3.1
    Warning: Removed 1 row(s) containing missing values (geom_path).
    --- finished re-building 'Details.Rmd'
    
    --- re-building 'Overview.Rmd' using rmarkdown
    
    Attaching package: 'dplyr'
    
    The following objects are masked from 'package:stats':
    
     filter, lag
    
    The following objects are masked from 'package:base':
    
     intersect, setdiff, setequal, union
    
    To enable
    caching of data, set `options(tigris_use_cache = TRUE)` in your R script or .Rprofile.
    Loading required package: sp
    rgeos version: 0.5-3, (SVN revision 634)
     GEOS runtime version: 3.8.0-CAPI-1.13.1
     Linking to sp version: 1.4-2
     Polygon checking: TRUE
    
    Quitting from lines 105-108 (Overview.Rmd)
    Error: processing vignette 'Overview.Rmd' failed with diagnostics:
    no slot of name "proj4string" for this object of class "sf"
    --- failed re-building 'Overview.Rmd'
    
    SUMMARY: processing the following file failed:
     'Overview.Rmd'
    
    Error: Vignette re-building failed.
    Execution halted
Flavor: r-oldrel-windows-ix86+x86_64