Last updated on 2019-12-06 00:50:14 CET.
Flavor | Version | Tinstall | Tcheck | Ttotal | Status | Flags |
---|---|---|---|---|---|---|
r-devel-linux-x86_64-debian-clang | 0.1 | 25.98 | 34.07 | 60.05 | OK | |
r-devel-linux-x86_64-debian-gcc | 0.1 | 21.07 | 26.98 | 48.05 | OK | |
r-devel-linux-x86_64-fedora-clang | 0.1 | 80.09 | NOTE | |||
r-devel-linux-x86_64-fedora-gcc | 0.1 | 79.32 | NOTE | |||
r-devel-windows-ix86+x86_64 | 0.1 | 58.00 | 94.00 | 152.00 | OK | |
r-devel-windows-ix86+x86_64-gcc8 | 0.1 | 89.00 | 101.00 | 190.00 | OK | |
r-patched-linux-x86_64 | 0.1 | 21.46 | 30.99 | 52.45 | OK | |
r-patched-solaris-x86 | 0.1 | 93.60 | OK | |||
r-release-linux-x86_64 | 0.1 | 21.32 | 31.52 | 52.84 | OK | |
r-release-windows-ix86+x86_64 | 0.1 | 47.00 | 69.00 | 116.00 | OK | |
r-release-osx-x86_64 | 0.1 | OK | ||||
r-oldrel-windows-ix86+x86_64 | 0.1 | 44.00 | 113.00 | 157.00 | OK | |
r-oldrel-osx-x86_64 | 0.1 | OK |
Version: 0.1
Check: compiled code
Result: NOTE
File ‘strat/libs/strat.so’:
Found no calls to: ‘R_registerRoutines’, ‘R_useDynamicSymbols’
It is good practice to register native routines and to disable symbol
search.
See ‘Writing portable packages’ in the ‘Writing R Extensions’ manual.
Flavors: r-devel-linux-x86_64-fedora-clang, r-devel-linux-x86_64-fedora-gcc