CRAN Package Check Results for Package stratEst

Last updated on 2020-07-13 01:49:02 CEST.

Flavor Version Tinstall Tcheck Ttotal Status Flags
r-devel-linux-x86_64-debian-clang 1.0.1 131.71 51.05 182.76 OK
r-devel-linux-x86_64-debian-gcc 1.0.1 97.77 38.27 136.04 OK
r-devel-linux-x86_64-fedora-clang 1.0.1 255.81 NOTE
r-devel-linux-x86_64-fedora-gcc 1.0.1 242.09 OK
r-devel-windows-ix86+x86_64 1.0.1 253.00 113.00 366.00 OK
r-patched-linux-x86_64 1.0.1 109.00 50.67 159.67 OK
r-patched-solaris-x86 1.0.1 187.20 OK
r-release-linux-x86_64 1.0.1 111.93 49.93 161.86 OK
r-release-macos-x86_64 1.0.1 NOTE
r-release-windows-ix86+x86_64 1.0.1 247.00 124.00 371.00 OK
r-oldrel-macos-x86_64 1.0.1 NOTE
r-oldrel-windows-ix86+x86_64 1.0.1 224.00 108.00 332.00 OK

Check Details

Version: 1.0.1
Check: installed package size
Result: NOTE
     installed size is 10.5Mb
     sub-directories of 1Mb or more:
     libs 9.3Mb
Flavors: r-devel-linux-x86_64-fedora-clang, r-release-macos-x86_64, r-oldrel-macos-x86_64