Last updated on 2023-02-06 00:52:44 CET.
Flavor | Version | Tinstall | Tcheck | Ttotal | Status | Flags |
---|---|---|---|---|---|---|
r-devel-linux-x86_64-debian-clang | 1.1.6 | 147.46 | 62.73 | 210.19 | OK | |
r-devel-linux-x86_64-debian-gcc | 1.1.6 | 100.91 | 49.43 | 150.34 | OK | |
r-devel-linux-x86_64-fedora-clang | 1.1.6 | 268.73 | OK | |||
r-devel-linux-x86_64-fedora-gcc | 1.1.6 | 256.76 | OK | |||
r-devel-windows-x86_64 | 1.1.6 | 123.00 | 123.00 | 246.00 | NOTE | |
r-patched-linux-x86_64 | 1.1.6 | 100.55 | 59.02 | 159.57 | OK | |
r-release-linux-x86_64 | 1.1.6 | 102.44 | 60.64 | 163.08 | OK | |
r-release-macos-arm64 | 1.1.6 | 72.00 | NOTE | |||
r-release-macos-x86_64 | 1.1.6 | 92.00 | NOTE | |||
r-release-windows-x86_64 | 1.1.6 | 113.00 | 116.00 | 229.00 | OK | |
r-oldrel-macos-arm64 | 1.1.6 | 79.00 | NOTE | |||
r-oldrel-macos-x86_64 | 1.1.6 | 102.00 | NOTE | |||
r-oldrel-windows-ix86+x86_64 | 1.1.6 | 267.00 | 127.00 | 394.00 | OK |
Version: 1.1.6
Check: C++ specification
Result: NOTE
Specified C++14: please update to current default of C++17
Flavor: r-devel-windows-x86_64
Version: 1.1.6
Check: installed package size
Result: NOTE
installed size is 10.7Mb
sub-directories of 1Mb or more:
libs 9.4Mb
Flavors: r-release-macos-arm64, r-release-macos-x86_64, r-oldrel-macos-arm64, r-oldrel-macos-x86_64