CRAN Package Check Results for Package stream

Last updated on 2020-07-15 02:47:11 CEST.

Flavor Version Tinstall Tcheck Ttotal Status Flags
r-devel-linux-x86_64-debian-clang 1.3-2 145.83 168.04 313.87 OK
r-devel-linux-x86_64-debian-gcc 1.3-2 109.51 129.01 238.52 OK
r-devel-linux-x86_64-fedora-clang 1.3-2 425.77 NOTE
r-devel-linux-x86_64-fedora-gcc 1.3-2 428.99 NOTE
r-devel-windows-ix86+x86_64 1.3-2 346.00 248.00 594.00 NOTE
r-patched-linux-x86_64 1.3-2 121.09 160.32 281.41 OK
r-patched-solaris-x86 1.3-2 382.50 NOTE
r-release-linux-x86_64 1.3-2 121.60 161.17 282.77 OK
r-release-macos-x86_64 1.3-2 ERROR
r-release-windows-ix86+x86_64 1.3-2 344.00 257.00 601.00 NOTE
r-oldrel-macos-x86_64 1.3-2 NOTE
r-oldrel-windows-ix86+x86_64 1.3-2 338.00 313.00 651.00 NOTE

Check Details

Version: 1.3-2
Check: installed package size
Result: NOTE
     installed size is 14.7Mb
     sub-directories of 1Mb or more:
     doc 1.6Mb
     libs 12.2Mb
Flavors: r-devel-linux-x86_64-fedora-clang, r-devel-windows-ix86+x86_64, r-release-windows-ix86+x86_64, r-oldrel-macos-x86_64, r-oldrel-windows-ix86+x86_64

Version: 1.3-2
Check: dependencies in R code
Result: NOTE
    Namespace in Imports field not imported from: ‘dbscan’
     All declared Imports should be used.
Flavors: r-devel-linux-x86_64-fedora-clang, r-devel-linux-x86_64-fedora-gcc, r-patched-solaris-x86, r-oldrel-macos-x86_64

Version: 1.3-2
Check: whether package can be installed
Result: ERROR
    Installation failed.
Flavor: r-release-macos-x86_64