CRAN Package Check Results for Package stream

Last updated on 2019-12-15 01:50:40 CET.

Flavor Version Tinstall Tcheck Ttotal Status Flags
r-devel-linux-x86_64-debian-clang 1.3-1 141.62 201.83 343.45 WARN
r-devel-linux-x86_64-debian-gcc 1.3-1 108.48 150.21 258.69 OK
r-devel-linux-x86_64-fedora-clang 1.3-1 441.85 WARN
r-devel-linux-x86_64-fedora-gcc 1.3-1 422.83 OK
r-devel-windows-ix86+x86_64 1.3-1 272.00 382.00 654.00 NOTE
r-devel-windows-ix86+x86_64-gcc8 1.3-1 295.00 407.00 702.00 NOTE
r-patched-linux-x86_64 1.3-1 108.68 172.55 281.23 OK
r-patched-solaris-x86 1.3-1 424.00 OK
r-release-linux-x86_64 1.3-1 109.56 170.15 279.71 OK
r-release-windows-ix86+x86_64 1.3-1 254.00 261.00 515.00 NOTE
r-release-osx-x86_64 1.3-1 WARN
r-oldrel-windows-ix86+x86_64 1.3-1 265.00 261.00 526.00 NOTE
r-oldrel-osx-x86_64 1.3-1 WARN

Check Details

Version: 1.3-1
Check: whether package can be installed
Result: WARN
    Found the following significant warnings:
     BIRCH/CFTree.cpp:18:6: warning: 'this' pointer cannot be null in well-defined C++ code; comparison may be assumed to always evaluate to true [-Wtautological-undefined-compare]
Flavors: r-devel-linux-x86_64-debian-clang, r-devel-linux-x86_64-fedora-clang, r-release-osx-x86_64, r-oldrel-osx-x86_64

Version: 1.3-1
Check: installed package size
Result: NOTE
     installed size is 13.0Mb
     sub-directories of 1Mb or more:
     doc 1.6Mb
     libs 10.6Mb
Flavors: r-devel-linux-x86_64-fedora-clang, r-devel-windows-ix86+x86_64, r-devel-windows-ix86+x86_64-gcc8, r-release-windows-ix86+x86_64, r-release-osx-x86_64, r-oldrel-windows-ix86+x86_64, r-oldrel-osx-x86_64