CRAN Package Check Results for Package stream

Last updated on 2024-07-25 08:50:50 CEST.

Flavor Version Tinstall Tcheck Ttotal Status Flags
r-devel-linux-x86_64-debian-clang 2.0-2 127.31 220.74 348.05 OK
r-devel-linux-x86_64-debian-gcc 2.0-2 88.76 161.37 250.13 NOTE
r-devel-linux-x86_64-fedora-clang 2.0-2 557.36 OK
r-devel-linux-x86_64-fedora-gcc 2.0-2 462.92 OK
r-devel-windows-x86_64 2.0-2 102.00 244.00 346.00 NOTE
r-patched-linux-x86_64 2.0-2 OK
r-release-linux-x86_64 2.0-2 112.71 203.90 316.61 OK
r-release-macos-arm64 2.0-2 120.00 NOTE
r-release-macos-x86_64 2.0-2 172.00 NOTE
r-release-windows-x86_64 2.0-2 127.00 236.00 363.00 OK
r-oldrel-macos-arm64 2.0-2 127.00 NOTE
r-oldrel-macos-x86_64 2.0-2 240.00 NOTE
r-oldrel-windows-x86_64 2.0-2 124.00 291.00 415.00 OK

Check Details

Version: 2.0-2
Check: Rd cross-references
Result: NOTE Found the following Rd file(s) with Rd \link{} targets missing package anchors: DSClassifier_SlidingWindow.Rd: rpart Please provide package anchors for all Rd \link{} targets not in the package itself and the base packages. Flavors: r-devel-linux-x86_64-debian-gcc, r-devel-windows-x86_64

Version: 2.0-2
Check: installed package size
Result: NOTE installed size is 12.9Mb sub-directories of 1Mb or more: doc 1.7Mb libs 9.9Mb Flavors: r-release-macos-arm64, r-release-macos-x86_64, r-oldrel-macos-arm64, r-oldrel-macos-x86_64