CRAN Package Check Results for Package strex

Last updated on 2022-12-09 01:50:43 CET.

Flavor Version Tinstall Tcheck Ttotal Status Flags
r-devel-linux-x86_64-debian-clang 1.4.4 8.64 60.13 68.77 OK
r-devel-linux-x86_64-debian-gcc 1.4.4 6.16 49.29 55.45 OK
r-devel-linux-x86_64-fedora-clang 1.4.4 83.70 OK
r-devel-linux-x86_64-fedora-gcc 1.4.4 105.60 OK
r-devel-windows-x86_64 1.4.4 31.00 111.00 142.00 OK
r-patched-linux-x86_64 1.4.4 6.73 55.99 62.72 OK
r-release-linux-x86_64 1.4.4 7.12 53.34 60.46 OK
r-release-macos-arm64 1.4.4 26.00 OK
r-release-macos-x86_64 1.4.4 37.00 OK
r-release-windows-x86_64 1.4.4 44.00 106.00 150.00 OK
r-oldrel-macos-arm64 1.4.4 32.00 OK
r-oldrel-macos-x86_64 1.4.4 42.00 OK
r-oldrel-windows-ix86+x86_64 1.4.4 13.00 17.00 30.00 ERROR

Check Details

Version: 1.4.4
Check: package dependencies
Result: ERROR
    Package required and available but unsuitable version: 'stringi'
    
    See section 'The DESCRIPTION file' in the 'Writing R Extensions'
    manual.
Flavor: r-oldrel-windows-ix86+x86_64