Last updated on 2021-01-27 00:48:42 CET.
Flavor | Version | Tinstall | Tcheck | Ttotal | Status | Flags |
---|---|---|---|---|---|---|
r-devel-linux-x86_64-debian-clang | 1.5-2 | 11.27 | 107.79 | 119.06 | NOTE | |
r-devel-linux-x86_64-debian-gcc | 1.5-2 | 7.70 | 80.02 | 87.72 | NOTE | |
r-devel-linux-x86_64-fedora-clang | 1.5-2 | 143.36 | NOTE | |||
r-devel-linux-x86_64-fedora-gcc | 1.5-2 | 129.86 | NOTE | |||
r-devel-windows-ix86+x86_64 | 1.5-2 | 20.00 | 177.00 | 197.00 | NOTE | |
r-patched-linux-x86_64 | 1.5-2 | 9.99 | 100.76 | 110.75 | NOTE | |
r-patched-solaris-x86 | 1.5-2 | 168.60 | NOTE | |||
r-release-linux-x86_64 | 1.5-2 | 8.16 | 100.75 | 108.91 | NOTE | |
r-release-macos-x86_64 | 1.5-2 | NOTE | ||||
r-release-windows-ix86+x86_64 | 1.5-2 | 21.00 | 131.00 | 152.00 | NOTE | |
r-oldrel-macos-x86_64 | 1.5-2 | NOTE | ||||
r-oldrel-windows-ix86+x86_64 | 1.5-2 | 14.00 | 158.00 | 172.00 | NOTE |
Version: 1.5-2
Check: R code for possible problems
Result: NOTE
efpFunctional: multiple local function definitions for 'plotProcess'
with different formal arguments
mefp.efp: multiple local function definitions for 'computeEmpProc' with
different formal arguments
Flavors: r-devel-linux-x86_64-debian-clang, r-devel-linux-x86_64-debian-gcc, r-devel-linux-x86_64-fedora-clang, r-devel-linux-x86_64-fedora-gcc, r-devel-windows-ix86+x86_64, r-patched-linux-x86_64, r-patched-solaris-x86, r-release-linux-x86_64, r-release-macos-x86_64, r-release-windows-ix86+x86_64, r-oldrel-macos-x86_64, r-oldrel-windows-ix86+x86_64