CRAN Package Check Results for Package stuart

Last updated on 2023-02-02 00:55:00 CET.

Flavor Version Tinstall Tcheck Ttotal Status Flags
r-devel-linux-x86_64-debian-clang 0.10.1 7.33 99.39 106.72 OK
r-devel-linux-x86_64-debian-gcc 0.10.1 5.72 71.20 76.92 OK
r-devel-linux-x86_64-fedora-clang 0.10.1 131.57 NOTE
r-devel-linux-x86_64-fedora-gcc 0.10.1 127.45 NOTE
r-patched-linux-x86_64 0.10.1 8.28 91.04 99.32 OK
r-release-linux-x86_64 0.10.1 7.04 93.26 100.30 OK
r-release-macos-arm64 0.10.1 26.00 NOTE
r-release-macos-x86_64 0.10.1 41.00 NOTE
r-release-windows-x86_64 0.10.1 26.00 118.00 144.00 OK
r-oldrel-macos-arm64 0.10.1 25.00 NOTE
r-oldrel-macos-x86_64 0.10.1 48.00 NOTE
r-oldrel-windows-ix86+x86_64 0.10.1 15.00 111.00 126.00 OK

Check Details

Version: 0.10.1
Check: data for non-ASCII characters
Result: NOTE
     Note: found 83 marked UTF-8 strings
Flavors: r-devel-linux-x86_64-fedora-clang, r-devel-linux-x86_64-fedora-gcc, r-release-macos-arm64, r-release-macos-x86_64, r-oldrel-macos-arm64, r-oldrel-macos-x86_64